{"id":3094,"date":"2018-11-21T11:05:42","date_gmt":"2018-11-21T10:05:42","guid":{"rendered":"http:\/\/www.sv-freiendiez.de\/?page_id=3094"},"modified":"2025-03-03T09:36:01","modified_gmt":"2025-03-03T08:36:01","slug":"pierre-michel-2","status":"publish","type":"page","link":"https:\/\/www.sv-freiendiez.de\/?page_id=3094","title":{"rendered":"Pierre Michel"},"content":{"rendered":"<table style=\"border-style: none;\" border=\"1\">\n<tbody>\n<tr>\n<td style=\"vertical-align: top; border-style: none;\">\n<figure id=\"attachment_3095\" aria-describedby=\"caption-attachment-3095\" style=\"width: 180px\" class=\"wp-caption alignleft\"><img loading=\"lazy\" decoding=\"async\" class=\"size-full wp-image-3095\" src=\"http:\/\/www.sv-freiendiez.de\/wp-content\/uploads\/2018\/11\/web_pierremichel_2.png\" alt=\"\" width=\"180\" height=\"214\"><figcaption id=\"caption-attachment-3095\" class=\"wp-caption-text\">Pierre Michel<\/figcaption><\/figure>\n<p>&nbsp;<\/td>\n<td style=\"border-style: none; text-align: justify;\">Pierre schie\u00dft f\u00fcr unseren Verein die Meisterschaften in den Disziplinen Freie Pistole, Schnellfeuerpistole, Schnellfeuerpistole .22 kurz und Standardpistole.<\/p>\n<p>Er schie\u00dft bereits seit 1984 in den verschiedensten Pistolendisziplinen und war auch schon Mitglied im Landeskader des Rheinischen Sch\u00fctzenbundes und im Bundeskader des Deutschen Sch\u00fctzenbundes. Zuletzt geh\u00f6rte er dem Bundeskader des Deutschen Sch\u00fctzenbundes f\u00fcr die nichtolympischen Pistolendisziplinen Zentralfeuerpistole und Standardpistole an. Er hat an Weltmeisterschaften und (mehrfach) an Europameisterschaften sehr erfolgreich teilgenommen (siehe Steckbriefdaten).<\/p>\n<p>Er ist neben Patrick Meyer und Torben Engel Stammsch\u00fctze unserer sehr erfolgreichen Standardpistolen-Mannschaft, die 2015, 2016, 2018, 2019, 2021 und 2023 den Deutschen Mannschaftsmeistertitel f\u00fcr unseren Verein errungen haben. 2017, 2022 und 2024 belegt diese Mannschaft jeweils den 3. Platz und 2020 fielen die Meisterschaften wegen CORONA aus.<\/td>\n<\/tr>\n<\/tbody>\n<\/table>\n<table border=\"0\">\n<tbody>\n<tr>\n<td><strong>Jahrgang:<\/strong><\/td>\n<td>1972<\/td>\n<\/tr>\n<tr>\n<td><strong>Familienstand<\/strong><\/td>\n<td>geschieden, 1 Kind<\/td>\n<\/tr>\n<tr>\n<td><strong>Beruf:<\/strong><\/td>\n<td>Abteilungsleiter Reparatur und Kalibrierung<\/td>\n<\/tr>\n<tr>\n<td><strong>Bisherige \/ <\/strong><br \/>\n<strong>weitere Vereine (DSB):<\/strong><\/td>\n<td>Braunschweiger SG<br \/>\nESV Essen 1390 e.V.<br \/>\nBassum 1848 e.V.<\/td>\n<\/tr>\n<tr>\n<td><strong>Starte in den Disziplinen<\/strong><br \/>\n<strong>(DSB):<\/strong><\/td>\n<td>2.10 10m Luftpistole<br \/>\n2.20 50m Freie Pistole<br \/>\n2.30 25m Schnellfeuerpistole<br \/>\n2.32 (RH) 25m Schnellfeuerpistole .22 kurz<br \/>\n2.40 25m Sportpistole<br \/>\n2.45 25m Zentralfeuerpistole<br \/>\n2.60 25m Standardpistole<\/td>\n<\/tr>\n<tr>\n<td><strong>Besonders erfolgreich<\/strong><br \/>\n<strong> in der Disziplin (DSB):<\/strong><\/td>\n<td>Standardpistole, Zentralfeuerpistole und Luftpistole<\/td>\n<\/tr>\n<tr>\n<td><strong>Gr\u00f6\u00dfte Erfolge:<\/strong><\/td>\n<td>Vize-Weltmeister Standardpistole Mannschaft 2010 M\u00fcnchen<br \/>\nEuropameister Standardpistole Mannschaft 2011 Belgrad(SRB)<br \/>\nEuropameister Standardpistole Mannschaft 2015 Maribor (SLO)<br \/>\nEuropameister Zentralfeuerpistole Mannschaft 2015 Maribor (SLO)<br \/>\nVize-Europameister Zentralfeuerpistole Mannschaft 2017 Baku (AZE)<br \/>\n3. Platz Europameisterschaft Zentralfeuerpistole Mannschaft 2011 Belgrad (SRB)<br \/>\n1. Platz Europacup- Finale Zentralfeuerpistole 2015 Bordeaux (FRA)<br \/>\n5 x Europacupsieger (2 x Standardpistole und 3 x Zentralfeuerpistole) und mehr als<br \/>\n20 x Deutscher Meister in verschiedenen Pistolendisziplinen<\/td>\n<\/tr>\n<tr>\n<td><strong>Mitgliedschaft in weiteren Schie\u00dfsport-verb\u00e4nden:<\/strong><\/td>\n<td>keine<\/td>\n<\/tr>\n<tr>\n<td><strong>Hobbys:<\/strong><\/td>\n<td>Sportschiessen, Fu\u00dfball, Jogging, Modelleisenbahn<\/td>\n<\/tr>\n<tr>\n<td><strong>Wie begeistere ich andere f\u00fcr den Schie\u00dfsport:<\/strong><\/td>\n<td>Bei Interesse berichte ich ausf\u00fchrlich \u00fcber die verschiedenen Disziplinen, erkl\u00e4re die Regeln und versuche die Vorz\u00fcge des Sports herauszuarbeiten (Fairness, Idealismus, Durchf\u00fchrbarkeit im Alter, etc.)<\/td>\n<\/tr>\n<\/tbody>\n<\/table>\n<p><a href=\"http:\/\/www.sv-freiendiez.de\/?page_id=3033\">Zur\u00fcck zur \u00dcbersicht der Kadersch\u00fctzen<\/a><\/p>\n","protected":false},"excerpt":{"rendered":"<p>&nbsp; Pierre schie\u00dft f\u00fcr unseren Verein die Meisterschaften in den Disziplinen Freie Pistole, Schnellfeuerpistole, Schnellfeuerpistole .22 kurz und Standardpistole. Er schie\u00dft bereits seit 1984 in den verschiedensten Pistolendisziplinen und war auch schon Mitglied im Landeskader des Rheinischen Sch\u00fctzenbundes und im Bundeskader des Deutschen Sch\u00fctzenbundes. Zuletzt geh\u00f6rte er dem Bundeskader des Deutschen Sch\u00fctzenbundes f\u00fcr die nichtolympischen &hellip; <\/p>\n<p class=\"link-more\"><a href=\"https:\/\/www.sv-freiendiez.de\/?page_id=3094\" class=\"more-link\"><span class=\"screen-reader-text\">\u201ePierre Michel\u201c<\/span> weiterlesen<\/a><\/p>\n","protected":false},"author":1,"featured_media":0,"parent":0,"menu_order":0,"comment_status":"closed","ping_status":"closed","template":"","meta":{"ngg_post_thumbnail":0,"footnotes":""},"class_list":["post-3094","page","type-page","status-publish","hentry"],"yoast_head":"<!-- This site is optimized with the Yoast SEO plugin v27.4 - https:\/\/yoast.com\/product\/yoast-seo-wordpress\/ -->\n<title>Pierre Michel - SV Diez-Freiendiez 1928 e.V.<\/title>\n<meta name=\"robots\" content=\"index, follow, max-snippet:-1, max-image-preview:large, max-video-preview:-1\" \/>\n<link rel=\"canonical\" href=\"https:\/\/www.sv-freiendiez.de\/?page_id=3094\" \/>\n<meta property=\"og:locale\" content=\"de_DE\" \/>\n<meta property=\"og:type\" content=\"article\" \/>\n<meta property=\"og:title\" content=\"Pierre Michel - SV Diez-Freiendiez 1928 e.V.\" \/>\n<meta property=\"og:description\" content=\"&nbsp; Pierre schie\u00dft f\u00fcr unseren Verein die Meisterschaften in den Disziplinen Freie Pistole, Schnellfeuerpistole, Schnellfeuerpistole .22 kurz und Standardpistole. Er schie\u00dft bereits seit 1984 in den verschiedensten Pistolendisziplinen und war auch schon Mitglied im Landeskader des Rheinischen Sch\u00fctzenbundes und im Bundeskader des Deutschen Sch\u00fctzenbundes. Zuletzt geh\u00f6rte er dem Bundeskader des Deutschen Sch\u00fctzenbundes f\u00fcr die nichtolympischen &hellip; \u201ePierre Michel\u201c weiterlesen\" \/>\n<meta property=\"og:url\" content=\"https:\/\/www.sv-freiendiez.de\/?page_id=3094\" \/>\n<meta property=\"og:site_name\" content=\"SV Diez-Freiendiez 1928 e.V.\" \/>\n<meta property=\"article:publisher\" content=\"https:\/\/www.facebook.com\/svfreiendiez\/\" \/>\n<meta property=\"article:modified_time\" content=\"2025-03-03T08:36:01+00:00\" \/>\n<meta property=\"og:image\" content=\"https:\/\/www.sv-freiendiez.de\/wp-content\/uploads\/2018\/11\/web_pierremichel_2.png\" \/>\n\t<meta property=\"og:image:width\" content=\"180\" \/>\n\t<meta property=\"og:image:height\" content=\"214\" \/>\n\t<meta property=\"og:image:type\" content=\"image\/png\" \/>\n<meta name=\"twitter:card\" content=\"summary_large_image\" \/>\n<meta name=\"twitter:label1\" content=\"Gesch\u00e4tzte Lesezeit\" \/>\n\t<meta name=\"twitter:data1\" content=\"2\u00a0Minuten\" \/>\n<script type=\"application\/ld+json\" class=\"yoast-schema-graph\">{\"@context\":\"https:\\\/\\\/schema.org\",\"@graph\":[{\"@type\":\"WebPage\",\"@id\":\"https:\\\/\\\/www.sv-freiendiez.de\\\/?page_id=3094\",\"url\":\"https:\\\/\\\/www.sv-freiendiez.de\\\/?page_id=3094\",\"name\":\"Pierre Michel - SV Diez-Freiendiez 1928 e.V.\",\"isPartOf\":{\"@id\":\"https:\\\/\\\/www.sv-freiendiez.de\\\/#website\"},\"primaryImageOfPage\":{\"@id\":\"https:\\\/\\\/www.sv-freiendiez.de\\\/?page_id=3094#primaryimage\"},\"image\":{\"@id\":\"https:\\\/\\\/www.sv-freiendiez.de\\\/?page_id=3094#primaryimage\"},\"thumbnailUrl\":\"http:\\\/\\\/www.sv-freiendiez.de\\\/wp-content\\\/uploads\\\/2018\\\/11\\\/web_pierremichel_2.png\",\"datePublished\":\"2018-11-21T10:05:42+00:00\",\"dateModified\":\"2025-03-03T08:36:01+00:00\",\"breadcrumb\":{\"@id\":\"https:\\\/\\\/www.sv-freiendiez.de\\\/?page_id=3094#breadcrumb\"},\"inLanguage\":\"de\",\"potentialAction\":[{\"@type\":\"ReadAction\",\"target\":[\"https:\\\/\\\/www.sv-freiendiez.de\\\/?page_id=3094\"]}]},{\"@type\":\"ImageObject\",\"inLanguage\":\"de\",\"@id\":\"https:\\\/\\\/www.sv-freiendiez.de\\\/?page_id=3094#primaryimage\",\"url\":\"https:\\\/\\\/www.sv-freiendiez.de\\\/wp-content\\\/uploads\\\/2018\\\/11\\\/web_pierremichel_2.png\",\"contentUrl\":\"https:\\\/\\\/www.sv-freiendiez.de\\\/wp-content\\\/uploads\\\/2018\\\/11\\\/web_pierremichel_2.png\",\"width\":180,\"height\":214,\"caption\":\"Pierre Michel\"},{\"@type\":\"BreadcrumbList\",\"@id\":\"https:\\\/\\\/www.sv-freiendiez.de\\\/?page_id=3094#breadcrumb\",\"itemListElement\":[{\"@type\":\"ListItem\",\"position\":1,\"name\":\"Startseite\",\"item\":\"https:\\\/\\\/www.sv-freiendiez.de\\\/\"},{\"@type\":\"ListItem\",\"position\":2,\"name\":\"Pierre Michel\"}]},{\"@type\":\"WebSite\",\"@id\":\"https:\\\/\\\/www.sv-freiendiez.de\\\/#website\",\"url\":\"https:\\\/\\\/www.sv-freiendiez.de\\\/\",\"name\":\"SV Diez-Freiendiez 1928 e.V.\",\"description\":\"Sch\u00fctzenverein Diez-Freiendiez 1928 e.V.\",\"publisher\":{\"@id\":\"https:\\\/\\\/www.sv-freiendiez.de\\\/#organization\"},\"potentialAction\":[{\"@type\":\"SearchAction\",\"target\":{\"@type\":\"EntryPoint\",\"urlTemplate\":\"https:\\\/\\\/www.sv-freiendiez.de\\\/?s={search_term_string}\"},\"query-input\":{\"@type\":\"PropertyValueSpecification\",\"valueRequired\":true,\"valueName\":\"search_term_string\"}}],\"inLanguage\":\"de\"},{\"@type\":\"Organization\",\"@id\":\"https:\\\/\\\/www.sv-freiendiez.de\\\/#organization\",\"name\":\"SV Diez-Freiendiez 1928 e.V.\",\"url\":\"https:\\\/\\\/www.sv-freiendiez.de\\\/\",\"logo\":{\"@type\":\"ImageObject\",\"inLanguage\":\"de\",\"@id\":\"https:\\\/\\\/www.sv-freiendiez.de\\\/#\\\/schema\\\/logo\\\/image\\\/\",\"url\":\"https:\\\/\\\/www.sv-freiendiez.de\\\/wp-content\\\/uploads\\\/2016\\\/12\\\/cropped-wappen250.png\",\"contentUrl\":\"https:\\\/\\\/www.sv-freiendiez.de\\\/wp-content\\\/uploads\\\/2016\\\/12\\\/cropped-wappen250.png\",\"width\":250,\"height\":250,\"caption\":\"SV Diez-Freiendiez 1928 e.V.\"},\"image\":{\"@id\":\"https:\\\/\\\/www.sv-freiendiez.de\\\/#\\\/schema\\\/logo\\\/image\\\/\"},\"sameAs\":[\"https:\\\/\\\/www.facebook.com\\\/svfreiendiez\\\/\"]}]}<\/script>\n<!-- \/ Yoast SEO plugin. -->","yoast_head_json":{"title":"Pierre Michel - SV Diez-Freiendiez 1928 e.V.","robots":{"index":"index","follow":"follow","max-snippet":"max-snippet:-1","max-image-preview":"max-image-preview:large","max-video-preview":"max-video-preview:-1"},"canonical":"https:\/\/www.sv-freiendiez.de\/?page_id=3094","og_locale":"de_DE","og_type":"article","og_title":"Pierre Michel - SV Diez-Freiendiez 1928 e.V.","og_description":"&nbsp; Pierre schie\u00dft f\u00fcr unseren Verein die Meisterschaften in den Disziplinen Freie Pistole, Schnellfeuerpistole, Schnellfeuerpistole .22 kurz und Standardpistole. Er schie\u00dft bereits seit 1984 in den verschiedensten Pistolendisziplinen und war auch schon Mitglied im Landeskader des Rheinischen Sch\u00fctzenbundes und im Bundeskader des Deutschen Sch\u00fctzenbundes. Zuletzt geh\u00f6rte er dem Bundeskader des Deutschen Sch\u00fctzenbundes f\u00fcr die nichtolympischen &hellip; \u201ePierre Michel\u201c weiterlesen","og_url":"https:\/\/www.sv-freiendiez.de\/?page_id=3094","og_site_name":"SV Diez-Freiendiez 1928 e.V.","article_publisher":"https:\/\/www.facebook.com\/svfreiendiez\/","article_modified_time":"2025-03-03T08:36:01+00:00","og_image":[{"width":180,"height":214,"url":"https:\/\/www.sv-freiendiez.de\/wp-content\/uploads\/2018\/11\/web_pierremichel_2.png","type":"image\/png"}],"twitter_card":"summary_large_image","twitter_misc":{"Gesch\u00e4tzte Lesezeit":"2\u00a0Minuten"},"schema":{"@context":"https:\/\/schema.org","@graph":[{"@type":"WebPage","@id":"https:\/\/www.sv-freiendiez.de\/?page_id=3094","url":"https:\/\/www.sv-freiendiez.de\/?page_id=3094","name":"Pierre Michel - SV Diez-Freiendiez 1928 e.V.","isPartOf":{"@id":"https:\/\/www.sv-freiendiez.de\/#website"},"primaryImageOfPage":{"@id":"https:\/\/www.sv-freiendiez.de\/?page_id=3094#primaryimage"},"image":{"@id":"https:\/\/www.sv-freiendiez.de\/?page_id=3094#primaryimage"},"thumbnailUrl":"http:\/\/www.sv-freiendiez.de\/wp-content\/uploads\/2018\/11\/web_pierremichel_2.png","datePublished":"2018-11-21T10:05:42+00:00","dateModified":"2025-03-03T08:36:01+00:00","breadcrumb":{"@id":"https:\/\/www.sv-freiendiez.de\/?page_id=3094#breadcrumb"},"inLanguage":"de","potentialAction":[{"@type":"ReadAction","target":["https:\/\/www.sv-freiendiez.de\/?page_id=3094"]}]},{"@type":"ImageObject","inLanguage":"de","@id":"https:\/\/www.sv-freiendiez.de\/?page_id=3094#primaryimage","url":"https:\/\/www.sv-freiendiez.de\/wp-content\/uploads\/2018\/11\/web_pierremichel_2.png","contentUrl":"https:\/\/www.sv-freiendiez.de\/wp-content\/uploads\/2018\/11\/web_pierremichel_2.png","width":180,"height":214,"caption":"Pierre Michel"},{"@type":"BreadcrumbList","@id":"https:\/\/www.sv-freiendiez.de\/?page_id=3094#breadcrumb","itemListElement":[{"@type":"ListItem","position":1,"name":"Startseite","item":"https:\/\/www.sv-freiendiez.de\/"},{"@type":"ListItem","position":2,"name":"Pierre Michel"}]},{"@type":"WebSite","@id":"https:\/\/www.sv-freiendiez.de\/#website","url":"https:\/\/www.sv-freiendiez.de\/","name":"SV Diez-Freiendiez 1928 e.V.","description":"Sch\u00fctzenverein Diez-Freiendiez 1928 e.V.","publisher":{"@id":"https:\/\/www.sv-freiendiez.de\/#organization"},"potentialAction":[{"@type":"SearchAction","target":{"@type":"EntryPoint","urlTemplate":"https:\/\/www.sv-freiendiez.de\/?s={search_term_string}"},"query-input":{"@type":"PropertyValueSpecification","valueRequired":true,"valueName":"search_term_string"}}],"inLanguage":"de"},{"@type":"Organization","@id":"https:\/\/www.sv-freiendiez.de\/#organization","name":"SV Diez-Freiendiez 1928 e.V.","url":"https:\/\/www.sv-freiendiez.de\/","logo":{"@type":"ImageObject","inLanguage":"de","@id":"https:\/\/www.sv-freiendiez.de\/#\/schema\/logo\/image\/","url":"https:\/\/www.sv-freiendiez.de\/wp-content\/uploads\/2016\/12\/cropped-wappen250.png","contentUrl":"https:\/\/www.sv-freiendiez.de\/wp-content\/uploads\/2016\/12\/cropped-wappen250.png","width":250,"height":250,"caption":"SV Diez-Freiendiez 1928 e.V."},"image":{"@id":"https:\/\/www.sv-freiendiez.de\/#\/schema\/logo\/image\/"},"sameAs":["https:\/\/www.facebook.com\/svfreiendiez\/"]}]}},"_links":{"self":[{"href":"https:\/\/www.sv-freiendiez.de\/index.php?rest_route=\/wp\/v2\/pages\/3094","targetHints":{"allow":["GET"]}}],"collection":[{"href":"https:\/\/www.sv-freiendiez.de\/index.php?rest_route=\/wp\/v2\/pages"}],"about":[{"href":"https:\/\/www.sv-freiendiez.de\/index.php?rest_route=\/wp\/v2\/types\/page"}],"author":[{"embeddable":true,"href":"https:\/\/www.sv-freiendiez.de\/index.php?rest_route=\/wp\/v2\/users\/1"}],"replies":[{"embeddable":true,"href":"https:\/\/www.sv-freiendiez.de\/index.php?rest_route=%2Fwp%2Fv2%2Fcomments&post=3094"}],"version-history":[{"count":2,"href":"https:\/\/www.sv-freiendiez.de\/index.php?rest_route=\/wp\/v2\/pages\/3094\/revisions"}],"predecessor-version":[{"id":4792,"href":"https:\/\/www.sv-freiendiez.de\/index.php?rest_route=\/wp\/v2\/pages\/3094\/revisions\/4792"}],"wp:attachment":[{"href":"https:\/\/www.sv-freiendiez.de\/index.php?rest_route=%2Fwp%2Fv2%2Fmedia&parent=3094"}],"curies":[{"name":"wp","href":"https:\/\/api.w.org\/{rel}","templated":true}]}}