{"id":260,"date":"2015-07-07T11:29:31","date_gmt":"2015-07-07T09:29:31","guid":{"rendered":"http:\/\/www.sv-freiendiez.de\/?page_id=260"},"modified":"2015-07-07T11:29:31","modified_gmt":"2015-07-07T09:29:31","slug":"stefan-decker","status":"publish","type":"page","link":"https:\/\/www.sv-freiendiez.de\/?page_id=260","title":{"rendered":"Stefan Decker"},"content":{"rendered":"\n<table id=\"tablepress-7\" class=\"tablepress tablepress-id-7 tbody-has-connected-cells\">\n<tbody>\n<tr class=\"row-1\">\n\t<td class=\"column-1\"><a href=\"http:\/\/www.sv-freiendiez.de\/wp-content\/uploads\/2015\/07\/StefanDecker.jpg\"><img loading=\"lazy\" decoding=\"async\" src=\"http:\/\/www.sv-freiendiez.de\/wp-content\/uploads\/2015\/07\/StefanDecker.jpg\" alt=\"Stefan Decker\" width=\"110\" height=\"154\" class=\"alignleft size-full wp-image-250\" \/><\/a><\/td><td class=\"column-2\"><\/td>\n<\/tr>\n<tr class=\"row-2\">\n\t<td class=\"column-1\">Wettbewerbe:<\/td><td class=\"column-2\">Olympische Schnellfeuerpistole (OSP \u2013 Landeskader RSB), sowie Luftpistole (LP), Freie Pistole (FP), Sportpistole (SP), Zentralfeuerpistole (ZF) und Standardpistole (StP)<\/td>\n<\/tr>\n<tr class=\"row-3\">\n\t<td class=\"column-1\">Geburtsdatum:<\/td><td class=\"column-2\">30.06.1993<\/td>\n<\/tr>\n<tr class=\"row-4\">\n\t<td class=\"column-1\">Wohnort:<\/td><td class=\"column-2\">H\u00fcnxe<\/td>\n<\/tr>\n<tr class=\"row-5\">\n\t<td class=\"column-1\">Vereine:<\/td><td class=\"column-2\"><strong>SV Diez Freiendiez (OSP)<\/strong> sowie Sportsch\u00fctzen H\u00fcnxe und Sportsch\u00fctzen Speicher<\/td>\n<\/tr>\n<tr class=\"row-6\">\n\t<td class=\"column-1\">Beruf:<\/td><td class=\"column-2\">Student<\/td>\n<\/tr>\n<tr class=\"row-7\">\n\t<td class=\"column-1\">Hobbies:<\/td><td class=\"column-2\">Sportschie\u00dfen<\/td>\n<\/tr>\n<tr class=\"row-8\">\n\t<td class=\"column-1\">E-Mail:<\/td><td class=\"column-2\">stefandecker93@t-online.de<\/td>\n<\/tr>\n<tr class=\"row-9\">\n\t<td class=\"column-1\">Bisher gr\u00f6\u00dfte Erfolge:<br \/>\n(\/E=Einzelwertung)    <br \/>\n(\/M=Mannschaftsw.)<\/td><td class=\"column-2\">2013 \u2013 5.Platz\/E OSP \u2013 Deutsche Meisterschaft \u2013Junioren\u2013 M\u00fcnchen (DM)<br \/>\n2013 \u2013 2.Platz\/E OSP \u2013 Internationaler Wettkampf (IWK) \u2013Junioren\u2013 Berlin<\/td>\n<\/tr>\n<tr class=\"row-10\">\n\t<td rowspan=\"2\" class=\"column-1\">Aktuelle Erfolge<br \/>\n(seit 2012):<br \/>\n(\/E=Einzelwertung)    <br \/>\n(\/M=Mannschaftsw.)<\/td><td class=\"column-2\">2013 \u2013 5.Platz\/E OSP \u2013 Deutsche Meisterschaft (DM) \u2013Junioren\u2013 M\u00fcnchen<br \/>\n2013 \u2013 2.Platz\/E OSP \u2013 Internationaler Wettkampf (IWK) \u2013Junioren\u2013 Berlin<\/td>\n<\/tr>\n<tr class=\"row-11\">\n\t<td class=\"column-2\">2015 \u2013 3.Platz\/E OSP \u2013 IWK \u2013Herren\u2013 Berlin<\/td>\n<\/tr>\n<\/tbody>\n<\/table>\n<!-- #tablepress-7 from cache -->\n","protected":false},"excerpt":{"rendered":"","protected":false},"author":1,"featured_media":0,"parent":0,"menu_order":0,"comment_status":"closed","ping_status":"open","template":"","meta":{"ngg_post_thumbnail":0,"footnotes":""},"class_list":["post-260","page","type-page","status-publish","hentry"],"yoast_head":"<!-- This site is optimized with the Yoast SEO plugin v27.5 - https:\/\/yoast.com\/product\/yoast-seo-wordpress\/ -->\n<title>Stefan Decker - SV Diez-Freiendiez 1928 e.V.<\/title>\n<meta name=\"robots\" content=\"index, follow, max-snippet:-1, max-image-preview:large, max-video-preview:-1\" \/>\n<link rel=\"canonical\" href=\"https:\/\/www.sv-freiendiez.de\/?page_id=260\" \/>\n<meta property=\"og:locale\" content=\"de_DE\" \/>\n<meta property=\"og:type\" content=\"article\" \/>\n<meta property=\"og:title\" content=\"Stefan Decker - SV Diez-Freiendiez 1928 e.V.\" \/>\n<meta property=\"og:url\" content=\"https:\/\/www.sv-freiendiez.de\/?page_id=260\" \/>\n<meta property=\"og:site_name\" content=\"SV Diez-Freiendiez 1928 e.V.\" \/>\n<meta property=\"article:publisher\" content=\"https:\/\/www.facebook.com\/svfreiendiez\/\" \/>\n<meta name=\"twitter:card\" content=\"summary_large_image\" \/>\n<script type=\"application\/ld+json\" class=\"yoast-schema-graph\">{\"@context\":\"https:\\\/\\\/schema.org\",\"@graph\":[{\"@type\":\"WebPage\",\"@id\":\"https:\\\/\\\/www.sv-freiendiez.de\\\/?page_id=260\",\"url\":\"https:\\\/\\\/www.sv-freiendiez.de\\\/?page_id=260\",\"name\":\"Stefan Decker - SV Diez-Freiendiez 1928 e.V.\",\"isPartOf\":{\"@id\":\"https:\\\/\\\/www.sv-freiendiez.de\\\/#website\"},\"datePublished\":\"2015-07-07T09:29:31+00:00\",\"breadcrumb\":{\"@id\":\"https:\\\/\\\/www.sv-freiendiez.de\\\/?page_id=260#breadcrumb\"},\"inLanguage\":\"de\",\"potentialAction\":[{\"@type\":\"ReadAction\",\"target\":[\"https:\\\/\\\/www.sv-freiendiez.de\\\/?page_id=260\"]}]},{\"@type\":\"BreadcrumbList\",\"@id\":\"https:\\\/\\\/www.sv-freiendiez.de\\\/?page_id=260#breadcrumb\",\"itemListElement\":[{\"@type\":\"ListItem\",\"position\":1,\"name\":\"Startseite\",\"item\":\"https:\\\/\\\/www.sv-freiendiez.de\\\/\"},{\"@type\":\"ListItem\",\"position\":2,\"name\":\"Stefan Decker\"}]},{\"@type\":\"WebSite\",\"@id\":\"https:\\\/\\\/www.sv-freiendiez.de\\\/#website\",\"url\":\"https:\\\/\\\/www.sv-freiendiez.de\\\/\",\"name\":\"SV Diez-Freiendiez 1928 e.V.\",\"description\":\"Sch\u00fctzenverein Diez-Freiendiez 1928 e.V.\",\"publisher\":{\"@id\":\"https:\\\/\\\/www.sv-freiendiez.de\\\/#organization\"},\"potentialAction\":[{\"@type\":\"SearchAction\",\"target\":{\"@type\":\"EntryPoint\",\"urlTemplate\":\"https:\\\/\\\/www.sv-freiendiez.de\\\/?s={search_term_string}\"},\"query-input\":{\"@type\":\"PropertyValueSpecification\",\"valueRequired\":true,\"valueName\":\"search_term_string\"}}],\"inLanguage\":\"de\"},{\"@type\":\"Organization\",\"@id\":\"https:\\\/\\\/www.sv-freiendiez.de\\\/#organization\",\"name\":\"SV Diez-Freiendiez 1928 e.V.\",\"url\":\"https:\\\/\\\/www.sv-freiendiez.de\\\/\",\"logo\":{\"@type\":\"ImageObject\",\"inLanguage\":\"de\",\"@id\":\"https:\\\/\\\/www.sv-freiendiez.de\\\/#\\\/schema\\\/logo\\\/image\\\/\",\"url\":\"https:\\\/\\\/www.sv-freiendiez.de\\\/wp-content\\\/uploads\\\/2016\\\/12\\\/cropped-wappen250.png\",\"contentUrl\":\"https:\\\/\\\/www.sv-freiendiez.de\\\/wp-content\\\/uploads\\\/2016\\\/12\\\/cropped-wappen250.png\",\"width\":250,\"height\":250,\"caption\":\"SV Diez-Freiendiez 1928 e.V.\"},\"image\":{\"@id\":\"https:\\\/\\\/www.sv-freiendiez.de\\\/#\\\/schema\\\/logo\\\/image\\\/\"},\"sameAs\":[\"https:\\\/\\\/www.facebook.com\\\/svfreiendiez\\\/\"]}]}<\/script>\n<!-- \/ Yoast SEO plugin. -->","yoast_head_json":{"title":"Stefan Decker - SV Diez-Freiendiez 1928 e.V.","robots":{"index":"index","follow":"follow","max-snippet":"max-snippet:-1","max-image-preview":"max-image-preview:large","max-video-preview":"max-video-preview:-1"},"canonical":"https:\/\/www.sv-freiendiez.de\/?page_id=260","og_locale":"de_DE","og_type":"article","og_title":"Stefan Decker - SV Diez-Freiendiez 1928 e.V.","og_url":"https:\/\/www.sv-freiendiez.de\/?page_id=260","og_site_name":"SV Diez-Freiendiez 1928 e.V.","article_publisher":"https:\/\/www.facebook.com\/svfreiendiez\/","twitter_card":"summary_large_image","schema":{"@context":"https:\/\/schema.org","@graph":[{"@type":"WebPage","@id":"https:\/\/www.sv-freiendiez.de\/?page_id=260","url":"https:\/\/www.sv-freiendiez.de\/?page_id=260","name":"Stefan Decker - SV Diez-Freiendiez 1928 e.V.","isPartOf":{"@id":"https:\/\/www.sv-freiendiez.de\/#website"},"datePublished":"2015-07-07T09:29:31+00:00","breadcrumb":{"@id":"https:\/\/www.sv-freiendiez.de\/?page_id=260#breadcrumb"},"inLanguage":"de","potentialAction":[{"@type":"ReadAction","target":["https:\/\/www.sv-freiendiez.de\/?page_id=260"]}]},{"@type":"BreadcrumbList","@id":"https:\/\/www.sv-freiendiez.de\/?page_id=260#breadcrumb","itemListElement":[{"@type":"ListItem","position":1,"name":"Startseite","item":"https:\/\/www.sv-freiendiez.de\/"},{"@type":"ListItem","position":2,"name":"Stefan Decker"}]},{"@type":"WebSite","@id":"https:\/\/www.sv-freiendiez.de\/#website","url":"https:\/\/www.sv-freiendiez.de\/","name":"SV Diez-Freiendiez 1928 e.V.","description":"Sch\u00fctzenverein Diez-Freiendiez 1928 e.V.","publisher":{"@id":"https:\/\/www.sv-freiendiez.de\/#organization"},"potentialAction":[{"@type":"SearchAction","target":{"@type":"EntryPoint","urlTemplate":"https:\/\/www.sv-freiendiez.de\/?s={search_term_string}"},"query-input":{"@type":"PropertyValueSpecification","valueRequired":true,"valueName":"search_term_string"}}],"inLanguage":"de"},{"@type":"Organization","@id":"https:\/\/www.sv-freiendiez.de\/#organization","name":"SV Diez-Freiendiez 1928 e.V.","url":"https:\/\/www.sv-freiendiez.de\/","logo":{"@type":"ImageObject","inLanguage":"de","@id":"https:\/\/www.sv-freiendiez.de\/#\/schema\/logo\/image\/","url":"https:\/\/www.sv-freiendiez.de\/wp-content\/uploads\/2016\/12\/cropped-wappen250.png","contentUrl":"https:\/\/www.sv-freiendiez.de\/wp-content\/uploads\/2016\/12\/cropped-wappen250.png","width":250,"height":250,"caption":"SV Diez-Freiendiez 1928 e.V."},"image":{"@id":"https:\/\/www.sv-freiendiez.de\/#\/schema\/logo\/image\/"},"sameAs":["https:\/\/www.facebook.com\/svfreiendiez\/"]}]}},"_links":{"self":[{"href":"https:\/\/www.sv-freiendiez.de\/index.php?rest_route=\/wp\/v2\/pages\/260","targetHints":{"allow":["GET"]}}],"collection":[{"href":"https:\/\/www.sv-freiendiez.de\/index.php?rest_route=\/wp\/v2\/pages"}],"about":[{"href":"https:\/\/www.sv-freiendiez.de\/index.php?rest_route=\/wp\/v2\/types\/page"}],"author":[{"embeddable":true,"href":"https:\/\/www.sv-freiendiez.de\/index.php?rest_route=\/wp\/v2\/users\/1"}],"replies":[{"embeddable":true,"href":"https:\/\/www.sv-freiendiez.de\/index.php?rest_route=%2Fwp%2Fv2%2Fcomments&post=260"}],"version-history":[{"count":0,"href":"https:\/\/www.sv-freiendiez.de\/index.php?rest_route=\/wp\/v2\/pages\/260\/revisions"}],"wp:attachment":[{"href":"https:\/\/www.sv-freiendiez.de\/index.php?rest_route=%2Fwp%2Fv2%2Fmedia&parent=260"}],"curies":[{"name":"wp","href":"https:\/\/api.w.org\/{rel}","templated":true}]}}

<table id="tablepress-7" class="tablepress tablepress-id-7 tbody-has-connected-cells">
<tbody>
<tr class="row-1">
	<td class="column-1"><a href="http://www.sv-freiendiez.de/wp-content/uploads/2015/07/StefanDecker.jpg"><img loading="lazy" decoding="async" src="http://www.sv-freiendiez.de/wp-content/uploads/2015/07/StefanDecker.jpg" alt="Stefan Decker" width="110" height="154" class="alignleft size-full wp-image-250" /></a></td><td class="column-2"></td>
</tr>
<tr class="row-2">
	<td class="column-1">Wettbewerbe:</td><td class="column-2">Olympische Schnellfeuerpistole (OSP – Landeskader RSB), sowie Luftpistole (LP), Freie Pistole (FP), Sportpistole (SP), Zentralfeuerpistole (ZF) und Standardpistole (StP)</td>
</tr>
<tr class="row-3">
	<td class="column-1">Geburtsdatum:</td><td class="column-2">30.06.1993</td>
</tr>
<tr class="row-4">
	<td class="column-1">Wohnort:</td><td class="column-2">Hünxe</td>
</tr>
<tr class="row-5">
	<td class="column-1">Vereine:</td><td class="column-2"><strong>SV Diez Freiendiez (OSP)</strong> sowie Sportschützen Hünxe und Sportschützen Speicher</td>
</tr>
<tr class="row-6">
	<td class="column-1">Beruf:</td><td class="column-2">Student</td>
</tr>
<tr class="row-7">
	<td class="column-1">Hobbies:</td><td class="column-2">Sportschießen</td>
</tr>
<tr class="row-8">
	<td class="column-1">E-Mail:</td><td class="column-2">stefandecker93@t-online.de</td>
</tr>
<tr class="row-9">
	<td class="column-1">Bisher größte Erfolge:<br />
(/E=Einzelwertung)    <br />
(/M=Mannschaftsw.)</td><td class="column-2">2013 – 5.Platz/E OSP – Deutsche Meisterschaft –Junioren– München (DM)<br />
2013 – 2.Platz/E OSP – Internationaler Wettkampf (IWK) –Junioren– Berlin</td>
</tr>
<tr class="row-10">
	<td rowspan="2" class="column-1">Aktuelle Erfolge<br />
(seit 2012):<br />
(/E=Einzelwertung)    <br />
(/M=Mannschaftsw.)</td><td class="column-2">2013 – 5.Platz/E OSP – Deutsche Meisterschaft (DM) –Junioren– München<br />
2013 – 2.Platz/E OSP – Internationaler Wettkampf (IWK) –Junioren– Berlin</td>
</tr>
<tr class="row-11">
	<td class="column-2">2015 – 3.Platz/E OSP – IWK –Herren– Berlin</td>
</tr>
</tbody>
</table>
<!-- #tablepress-7 from cache -->

<!-- This site is optimized with the Yoast SEO plugin v27.5 - https://yoast.com/product/yoast-seo-wordpress/ -->
<title>Stefan Decker - SV Diez-Freiendiez 1928 e.V.</title>
<meta name="robots" content="index, follow, max-snippet:-1, max-image-preview:large, max-video-preview:-1" />
<link rel="canonical" href="https://www.sv-freiendiez.de/?page_id=260" />
<meta property="og:locale" content="de_DE" />
<meta property="og:type" content="article" />
<meta property="og:title" content="Stefan Decker - SV Diez-Freiendiez 1928 e.V." />
<meta property="og:url" content="https://www.sv-freiendiez.de/?page_id=260" />
<meta property="og:site_name" content="SV Diez-Freiendiez 1928 e.V." />
<meta property="article:publisher" content="https://www.facebook.com/svfreiendiez/" />
<meta name="twitter:card" content="summary_large_image" />
<script type="application/ld+json" class="yoast-schema-graph">{"@context":"https:\/\/schema.org","@graph":[{"@type":"WebPage","@id":"https:\/\/www.sv-freiendiez.de\/?page_id=260","url":"https:\/\/www.sv-freiendiez.de\/?page_id=260","name":"Stefan Decker - SV Diez-Freiendiez 1928 e.V.","isPartOf":{"@id":"https:\/\/www.sv-freiendiez.de\/#website"},"datePublished":"2015-07-07T09:29:31+00:00","breadcrumb":{"@id":"https:\/\/www.sv-freiendiez.de\/?page_id=260#breadcrumb"},"inLanguage":"de","potentialAction":[{"@type":"ReadAction","target":["https:\/\/www.sv-freiendiez.de\/?page_id=260"]}]},{"@type":"BreadcrumbList","@id":"https:\/\/www.sv-freiendiez.de\/?page_id=260#breadcrumb","itemListElement":[{"@type":"ListItem","position":1,"name":"Startseite","item":"https:\/\/www.sv-freiendiez.de\/"},{"@type":"ListItem","position":2,"name":"Stefan Decker"}]},{"@type":"WebSite","@id":"https:\/\/www.sv-freiendiez.de\/#website","url":"https:\/\/www.sv-freiendiez.de\/","name":"SV Diez-Freiendiez 1928 e.V.","description":"Schützenverein Diez-Freiendiez 1928 e.V.","publisher":{"@id":"https:\/\/www.sv-freiendiez.de\/#organization"},"potentialAction":[{"@type":"SearchAction","target":{"@type":"EntryPoint","urlTemplate":"https:\/\/www.sv-freiendiez.de\/?s={search_term_string}"},"query-input":{"@type":"PropertyValueSpecification","valueRequired":true,"valueName":"search_term_string"}}],"inLanguage":"de"},{"@type":"Organization","@id":"https:\/\/www.sv-freiendiez.de\/#organization","name":"SV Diez-Freiendiez 1928 e.V.","url":"https:\/\/www.sv-freiendiez.de\/","logo":{"@type":"ImageObject","inLanguage":"de","@id":"https:\/\/www.sv-freiendiez.de\/#\/schema\/logo\/image\/","url":"https:\/\/www.sv-freiendiez.de\/wp-content\/uploads\/2016\/12\/cropped-wappen250.png","contentUrl":"https:\/\/www.sv-freiendiez.de\/wp-content\/uploads\/2016\/12\/cropped-wappen250.png","width":250,"height":250,"caption":"SV Diez-Freiendiez 1928 e.V."},"image":{"@id":"https:\/\/www.sv-freiendiez.de\/#\/schema\/logo\/image\/"},"sameAs":["https:\/\/www.facebook.com\/svfreiendiez\/"]}]}</script>
<!-- / Yoast SEO plugin. -->

Schützenverein Diez-Freiendiez 1928 e.V.
