{"id":24,"date":"2015-05-29T15:31:36","date_gmt":"2015-05-29T13:31:36","guid":{"rendered":"http:\/\/www.sv-freiendiez.de\/?page_id=24"},"modified":"2022-02-14T18:49:57","modified_gmt":"2022-02-14T17:49:57","slug":"verein","status":"publish","type":"page","link":"https:\/\/www.sv-freiendiez.de\/?page_id=24","title":{"rendered":"Verein"},"content":{"rendered":"<p>Unsere Vereinsgeschichte finden Sie in dem Untermenu Verein -&gt; <a href=\"http:\/\/www.sv-freiendiez.de\/?page_id=148\">Vereinsgeschichte<\/a>.<\/p>\n<p style=\"text-align: justify;\">Willkommen auf unserer Vereins Webseite! Wir m\u00f6chten Sie hier ein wenig \u00fcber unseren Verein informieren. Schie\u00dfsport Interessierte sind eingeladen, uns zu unseren Trainingszeiten zu besuchen:<\/p>\n<p><strong>Trainingszeiten Erwachsene:<\/strong><br \/>\nFreitag, ab 18.00 Uhr, mit gleichzeitigem Vereinsabend<br \/>\nSonntag, von 10.00-12.00 Uhr<\/p>\n<p><strong>Trainingszeiten Sch\u00fcler und Jugend :<\/strong><br \/>\nFreitag, 18.00 \u2013 19.30 Uhr<\/p>\n<p>Alle die \u00fcber den Schie\u00dfsport mehr erfahren m\u00f6chten, sind w\u00e4hrend der oben angegebenen Zeiten zum kostenlosen Schnupperschie\u00dfen herzlich Willkommen.<\/p>\n<p>Wir bieten nahezu alle Disziplinen der DSB Sportordnung an, die auf unserer Schie\u00dfsportanlage geschossen werden k\u00f6nnen:<br \/>\n&#8211; Luftdruckwaffen 10m<br \/>\n&#8211; KK-Gewehr 50m<br \/>\n&#8211; alle anderen Kurzwaffen 25m bis 1500 Joule Geschossenergie<\/p>\n<p style=\"text-align: justify;\">Unser Verein hat derzeit (Stand 02\/2022) etwa 120 Mitglieder aller Altersgruppen. Das Sch\u00fctzenhaus befindet sich etwas ausserhalb von Diez in Richtung Holzheim, direkt an der B54. Von unserem Parkplatz f\u00fchrt ein Weg hinauf zum Sch\u00fctzenhaus, das sich seitlich an einen ehemaligen Steinbruch schmiegt. Es wurde \u00fcber die Jahre hinweg immer wieder erweitert und den Anforderungen angepasst. Viele fleissige, ehrenamtliche H\u00e4nde haben im Lauf der Zeit das geschaffen, was wir nun zur Aus\u00fcbung unseres Sportes zur Verf\u00fcgung haben. Unsere neueste Errungenschaft ist der neue moderne und \u00fcberdachte 25 Meter Gro\u00dfkaliber Stand (2013). Wir vef\u00fcgen insgesamt \u00fcber 3 Schie\u00dfst\u00e4nde f\u00fcr unterschiedliche Waffen und Kaliber:<\/p>\n<p>&nbsp;<\/p>\n<p><strong>Luftpistole-\/Luftgewehrstand 10 Meter (8 Bahnen)<\/strong><\/p>\n<figure id=\"attachment_1186\" aria-describedby=\"caption-attachment-1186\" style=\"width: 500px\" class=\"wp-caption aligncenter\"><a href=\"http:\/\/www.sv-freiendiez.de\/wp-content\/uploads\/2015\/05\/WP_20150816_11_01_13_Pro_k.jpg\"><img loading=\"lazy\" decoding=\"async\" class=\"wp-image-1186\" src=\"http:\/\/www.sv-freiendiez.de\/wp-content\/uploads\/2015\/05\/WP_20150816_11_01_13_Pro_k-300x168.jpg\" width=\"500\" height=\"281\" srcset=\"https:\/\/www.sv-freiendiez.de\/wp-content\/uploads\/2015\/05\/WP_20150816_11_01_13_Pro_k-300x168.jpg 300w, https:\/\/www.sv-freiendiez.de\/wp-content\/uploads\/2015\/05\/WP_20150816_11_01_13_Pro_k.jpg 634w\" sizes=\"auto, (max-width: 500px) 100vw, 500px\" \/><\/a><figcaption id=\"caption-attachment-1186\" class=\"wp-caption-text\">10 Meter Stand Luftpistole und Luftgewehr<\/figcaption><\/figure>\n<p><strong>Kleinkaliber (KK) Stand 50 Meter, 4 Bahnen<\/strong><\/p>\n<figure id=\"attachment_169\" aria-describedby=\"caption-attachment-169\" style=\"width: 500px\" class=\"wp-caption aligncenter\"><a href=\"http:\/\/www.sv-freiendiez.de\/wp-content\/uploads\/2015\/05\/DSC_0339_web.jpg\"><img loading=\"lazy\" decoding=\"async\" class=\"wp-image-169\" src=\"http:\/\/www.sv-freiendiez.de\/wp-content\/uploads\/2015\/05\/DSC_0339_web-300x200.jpg\" alt=\"50 Meter KK Stand\" width=\"500\" height=\"334\" srcset=\"https:\/\/www.sv-freiendiez.de\/wp-content\/uploads\/2015\/05\/DSC_0339_web-300x200.jpg 300w, https:\/\/www.sv-freiendiez.de\/wp-content\/uploads\/2015\/05\/DSC_0339_web-1024x684.jpg 1024w, https:\/\/www.sv-freiendiez.de\/wp-content\/uploads\/2015\/05\/DSC_0339_web-449x300.jpg 449w, https:\/\/www.sv-freiendiez.de\/wp-content\/uploads\/2015\/05\/DSC_0339_web.jpg 1104w\" sizes=\"auto, (max-width: 500px) 100vw, 500px\" \/><\/a><figcaption id=\"caption-attachment-169\" class=\"wp-caption-text\">50 Meter KK Stand<\/figcaption><\/figure>\n<p><strong>Gro\u00dfkaliber (GK) Stand 25 Meter, bis 1500 Joule Gescho\u00dfenergie, 5 Bahnen<\/strong><\/p>\n<figure id=\"attachment_170\" aria-describedby=\"caption-attachment-170\" style=\"width: 500px\" class=\"wp-caption aligncenter\"><a href=\"http:\/\/www.sv-freiendiez.de\/wp-content\/uploads\/2015\/05\/DSC_0310_web.jpg\"><img loading=\"lazy\" decoding=\"async\" class=\"wp-image-170\" src=\"http:\/\/www.sv-freiendiez.de\/wp-content\/uploads\/2015\/05\/DSC_0310_web-300x200.jpg\" alt=\"DSC_0310_web\" width=\"500\" height=\"334\" srcset=\"https:\/\/www.sv-freiendiez.de\/wp-content\/uploads\/2015\/05\/DSC_0310_web-300x200.jpg 300w, https:\/\/www.sv-freiendiez.de\/wp-content\/uploads\/2015\/05\/DSC_0310_web-1024x684.jpg 1024w, https:\/\/www.sv-freiendiez.de\/wp-content\/uploads\/2015\/05\/DSC_0310_web-449x300.jpg 449w, https:\/\/www.sv-freiendiez.de\/wp-content\/uploads\/2015\/05\/DSC_0310_web.jpg 1104w\" sizes=\"auto, (max-width: 500px) 100vw, 500px\" \/><\/a><figcaption id=\"caption-attachment-170\" class=\"wp-caption-text\">Gro\u00dfkaliber Stand 25 Meter<\/figcaption><\/figure>\n<p style=\"text-align: justify;\">&nbsp;<\/p>\n<p><strong>B\u00f6llerschie\u00dfen<\/strong><\/p>\n<p>Unser Verein hat auch eine kleine B\u00f6ller-Abteilung. Zwei Sch\u00fctzenkameraden pflegen diesen Brauch bei diversen Veranstaltungen, wie Kirmes, Dorffeste oder auch Sch\u00fctzenfeste.<\/p>\n","protected":false},"excerpt":{"rendered":"<p>Unsere Vereinsgeschichte finden Sie in dem Untermenu Verein -&gt; Vereinsgeschichte. Willkommen auf unserer Vereins Webseite! Wir m\u00f6chten Sie hier ein wenig \u00fcber unseren Verein informieren. Schie\u00dfsport Interessierte sind eingeladen, uns zu unseren Trainingszeiten zu besuchen: Trainingszeiten Erwachsene: Freitag, ab 18.00 Uhr, mit gleichzeitigem Vereinsabend Sonntag, von 10.00-12.00 Uhr Trainingszeiten Sch\u00fcler und Jugend : Freitag, 18.00 &hellip; <\/p>\n<p class=\"link-more\"><a href=\"https:\/\/www.sv-freiendiez.de\/?page_id=24\" class=\"more-link\"><span class=\"screen-reader-text\">\u201eVerein\u201c<\/span> weiterlesen<\/a><\/p>\n","protected":false},"author":1,"featured_media":0,"parent":0,"menu_order":2,"comment_status":"closed","ping_status":"closed","template":"","meta":{"ngg_post_thumbnail":0,"footnotes":""},"class_list":["post-24","page","type-page","status-publish","hentry"],"yoast_head":"<!-- This site is optimized with the Yoast SEO plugin v27.4 - https:\/\/yoast.com\/product\/yoast-seo-wordpress\/ -->\n<title>Verein - SV Diez-Freiendiez 1928 e.V.<\/title>\n<meta name=\"robots\" content=\"index, follow, max-snippet:-1, max-image-preview:large, max-video-preview:-1\" \/>\n<link rel=\"canonical\" href=\"https:\/\/www.sv-freiendiez.de\/?page_id=24\" \/>\n<meta property=\"og:locale\" content=\"de_DE\" \/>\n<meta property=\"og:type\" content=\"article\" \/>\n<meta property=\"og:title\" content=\"Verein - SV Diez-Freiendiez 1928 e.V.\" \/>\n<meta property=\"og:description\" content=\"Unsere Vereinsgeschichte finden Sie in dem Untermenu Verein -&gt; Vereinsgeschichte. Willkommen auf unserer Vereins Webseite! Wir m\u00f6chten Sie hier ein wenig \u00fcber unseren Verein informieren. Schie\u00dfsport Interessierte sind eingeladen, uns zu unseren Trainingszeiten zu besuchen: Trainingszeiten Erwachsene: Freitag, ab 18.00 Uhr, mit gleichzeitigem Vereinsabend Sonntag, von 10.00-12.00 Uhr Trainingszeiten Sch\u00fcler und Jugend : Freitag, 18.00 &hellip; \u201eVerein\u201c weiterlesen\" \/>\n<meta property=\"og:url\" content=\"https:\/\/www.sv-freiendiez.de\/?page_id=24\" \/>\n<meta property=\"og:site_name\" content=\"SV Diez-Freiendiez 1928 e.V.\" \/>\n<meta property=\"article:publisher\" content=\"https:\/\/www.facebook.com\/svfreiendiez\/\" \/>\n<meta property=\"article:modified_time\" content=\"2022-02-14T17:49:57+00:00\" \/>\n<meta property=\"og:image\" content=\"http:\/\/www.sv-freiendiez.de\/wp-content\/uploads\/2015\/05\/WP_20150816_11_01_13_Pro_k-300x168.jpg\" \/>\n<meta name=\"twitter:card\" content=\"summary_large_image\" \/>\n<meta name=\"twitter:label1\" content=\"Gesch\u00e4tzte Lesezeit\" \/>\n\t<meta name=\"twitter:data1\" content=\"2\u00a0Minuten\" \/>\n<script type=\"application\/ld+json\" class=\"yoast-schema-graph\">{\"@context\":\"https:\\\/\\\/schema.org\",\"@graph\":[{\"@type\":\"WebPage\",\"@id\":\"https:\\\/\\\/www.sv-freiendiez.de\\\/?page_id=24\",\"url\":\"https:\\\/\\\/www.sv-freiendiez.de\\\/?page_id=24\",\"name\":\"Verein - SV Diez-Freiendiez 1928 e.V.\",\"isPartOf\":{\"@id\":\"https:\\\/\\\/www.sv-freiendiez.de\\\/#website\"},\"primaryImageOfPage\":{\"@id\":\"https:\\\/\\\/www.sv-freiendiez.de\\\/?page_id=24#primaryimage\"},\"image\":{\"@id\":\"https:\\\/\\\/www.sv-freiendiez.de\\\/?page_id=24#primaryimage\"},\"thumbnailUrl\":\"http:\\\/\\\/www.sv-freiendiez.de\\\/wp-content\\\/uploads\\\/2015\\\/05\\\/WP_20150816_11_01_13_Pro_k-300x168.jpg\",\"datePublished\":\"2015-05-29T13:31:36+00:00\",\"dateModified\":\"2022-02-14T17:49:57+00:00\",\"breadcrumb\":{\"@id\":\"https:\\\/\\\/www.sv-freiendiez.de\\\/?page_id=24#breadcrumb\"},\"inLanguage\":\"de\",\"potentialAction\":[{\"@type\":\"ReadAction\",\"target\":[\"https:\\\/\\\/www.sv-freiendiez.de\\\/?page_id=24\"]}]},{\"@type\":\"ImageObject\",\"inLanguage\":\"de\",\"@id\":\"https:\\\/\\\/www.sv-freiendiez.de\\\/?page_id=24#primaryimage\",\"url\":\"https:\\\/\\\/www.sv-freiendiez.de\\\/wp-content\\\/uploads\\\/2015\\\/05\\\/WP_20150816_11_01_13_Pro_k.jpg\",\"contentUrl\":\"https:\\\/\\\/www.sv-freiendiez.de\\\/wp-content\\\/uploads\\\/2015\\\/05\\\/WP_20150816_11_01_13_Pro_k.jpg\",\"width\":634,\"height\":356,\"caption\":\"10 Meter Stand Luftpistole und Luftgewehr\"},{\"@type\":\"BreadcrumbList\",\"@id\":\"https:\\\/\\\/www.sv-freiendiez.de\\\/?page_id=24#breadcrumb\",\"itemListElement\":[{\"@type\":\"ListItem\",\"position\":1,\"name\":\"Startseite\",\"item\":\"https:\\\/\\\/www.sv-freiendiez.de\\\/\"},{\"@type\":\"ListItem\",\"position\":2,\"name\":\"Verein\"}]},{\"@type\":\"WebSite\",\"@id\":\"https:\\\/\\\/www.sv-freiendiez.de\\\/#website\",\"url\":\"https:\\\/\\\/www.sv-freiendiez.de\\\/\",\"name\":\"SV Diez-Freiendiez 1928 e.V.\",\"description\":\"Sch\u00fctzenverein Diez-Freiendiez 1928 e.V.\",\"publisher\":{\"@id\":\"https:\\\/\\\/www.sv-freiendiez.de\\\/#organization\"},\"potentialAction\":[{\"@type\":\"SearchAction\",\"target\":{\"@type\":\"EntryPoint\",\"urlTemplate\":\"https:\\\/\\\/www.sv-freiendiez.de\\\/?s={search_term_string}\"},\"query-input\":{\"@type\":\"PropertyValueSpecification\",\"valueRequired\":true,\"valueName\":\"search_term_string\"}}],\"inLanguage\":\"de\"},{\"@type\":\"Organization\",\"@id\":\"https:\\\/\\\/www.sv-freiendiez.de\\\/#organization\",\"name\":\"SV Diez-Freiendiez 1928 e.V.\",\"url\":\"https:\\\/\\\/www.sv-freiendiez.de\\\/\",\"logo\":{\"@type\":\"ImageObject\",\"inLanguage\":\"de\",\"@id\":\"https:\\\/\\\/www.sv-freiendiez.de\\\/#\\\/schema\\\/logo\\\/image\\\/\",\"url\":\"https:\\\/\\\/www.sv-freiendiez.de\\\/wp-content\\\/uploads\\\/2016\\\/12\\\/cropped-wappen250.png\",\"contentUrl\":\"https:\\\/\\\/www.sv-freiendiez.de\\\/wp-content\\\/uploads\\\/2016\\\/12\\\/cropped-wappen250.png\",\"width\":250,\"height\":250,\"caption\":\"SV Diez-Freiendiez 1928 e.V.\"},\"image\":{\"@id\":\"https:\\\/\\\/www.sv-freiendiez.de\\\/#\\\/schema\\\/logo\\\/image\\\/\"},\"sameAs\":[\"https:\\\/\\\/www.facebook.com\\\/svfreiendiez\\\/\"]}]}<\/script>\n<!-- \/ Yoast SEO plugin. -->","yoast_head_json":{"title":"Verein - SV Diez-Freiendiez 1928 e.V.","robots":{"index":"index","follow":"follow","max-snippet":"max-snippet:-1","max-image-preview":"max-image-preview:large","max-video-preview":"max-video-preview:-1"},"canonical":"https:\/\/www.sv-freiendiez.de\/?page_id=24","og_locale":"de_DE","og_type":"article","og_title":"Verein - SV Diez-Freiendiez 1928 e.V.","og_description":"Unsere Vereinsgeschichte finden Sie in dem Untermenu Verein -&gt; Vereinsgeschichte. Willkommen auf unserer Vereins Webseite! Wir m\u00f6chten Sie hier ein wenig \u00fcber unseren Verein informieren. Schie\u00dfsport Interessierte sind eingeladen, uns zu unseren Trainingszeiten zu besuchen: Trainingszeiten Erwachsene: Freitag, ab 18.00 Uhr, mit gleichzeitigem Vereinsabend Sonntag, von 10.00-12.00 Uhr Trainingszeiten Sch\u00fcler und Jugend : Freitag, 18.00 &hellip; \u201eVerein\u201c weiterlesen","og_url":"https:\/\/www.sv-freiendiez.de\/?page_id=24","og_site_name":"SV Diez-Freiendiez 1928 e.V.","article_publisher":"https:\/\/www.facebook.com\/svfreiendiez\/","article_modified_time":"2022-02-14T17:49:57+00:00","og_image":[{"url":"http:\/\/www.sv-freiendiez.de\/wp-content\/uploads\/2015\/05\/WP_20150816_11_01_13_Pro_k-300x168.jpg","type":"","width":"","height":""}],"twitter_card":"summary_large_image","twitter_misc":{"Gesch\u00e4tzte Lesezeit":"2\u00a0Minuten"},"schema":{"@context":"https:\/\/schema.org","@graph":[{"@type":"WebPage","@id":"https:\/\/www.sv-freiendiez.de\/?page_id=24","url":"https:\/\/www.sv-freiendiez.de\/?page_id=24","name":"Verein - SV Diez-Freiendiez 1928 e.V.","isPartOf":{"@id":"https:\/\/www.sv-freiendiez.de\/#website"},"primaryImageOfPage":{"@id":"https:\/\/www.sv-freiendiez.de\/?page_id=24#primaryimage"},"image":{"@id":"https:\/\/www.sv-freiendiez.de\/?page_id=24#primaryimage"},"thumbnailUrl":"http:\/\/www.sv-freiendiez.de\/wp-content\/uploads\/2015\/05\/WP_20150816_11_01_13_Pro_k-300x168.jpg","datePublished":"2015-05-29T13:31:36+00:00","dateModified":"2022-02-14T17:49:57+00:00","breadcrumb":{"@id":"https:\/\/www.sv-freiendiez.de\/?page_id=24#breadcrumb"},"inLanguage":"de","potentialAction":[{"@type":"ReadAction","target":["https:\/\/www.sv-freiendiez.de\/?page_id=24"]}]},{"@type":"ImageObject","inLanguage":"de","@id":"https:\/\/www.sv-freiendiez.de\/?page_id=24#primaryimage","url":"https:\/\/www.sv-freiendiez.de\/wp-content\/uploads\/2015\/05\/WP_20150816_11_01_13_Pro_k.jpg","contentUrl":"https:\/\/www.sv-freiendiez.de\/wp-content\/uploads\/2015\/05\/WP_20150816_11_01_13_Pro_k.jpg","width":634,"height":356,"caption":"10 Meter Stand Luftpistole und Luftgewehr"},{"@type":"BreadcrumbList","@id":"https:\/\/www.sv-freiendiez.de\/?page_id=24#breadcrumb","itemListElement":[{"@type":"ListItem","position":1,"name":"Startseite","item":"https:\/\/www.sv-freiendiez.de\/"},{"@type":"ListItem","position":2,"name":"Verein"}]},{"@type":"WebSite","@id":"https:\/\/www.sv-freiendiez.de\/#website","url":"https:\/\/www.sv-freiendiez.de\/","name":"SV Diez-Freiendiez 1928 e.V.","description":"Sch\u00fctzenverein Diez-Freiendiez 1928 e.V.","publisher":{"@id":"https:\/\/www.sv-freiendiez.de\/#organization"},"potentialAction":[{"@type":"SearchAction","target":{"@type":"EntryPoint","urlTemplate":"https:\/\/www.sv-freiendiez.de\/?s={search_term_string}"},"query-input":{"@type":"PropertyValueSpecification","valueRequired":true,"valueName":"search_term_string"}}],"inLanguage":"de"},{"@type":"Organization","@id":"https:\/\/www.sv-freiendiez.de\/#organization","name":"SV Diez-Freiendiez 1928 e.V.","url":"https:\/\/www.sv-freiendiez.de\/","logo":{"@type":"ImageObject","inLanguage":"de","@id":"https:\/\/www.sv-freiendiez.de\/#\/schema\/logo\/image\/","url":"https:\/\/www.sv-freiendiez.de\/wp-content\/uploads\/2016\/12\/cropped-wappen250.png","contentUrl":"https:\/\/www.sv-freiendiez.de\/wp-content\/uploads\/2016\/12\/cropped-wappen250.png","width":250,"height":250,"caption":"SV Diez-Freiendiez 1928 e.V."},"image":{"@id":"https:\/\/www.sv-freiendiez.de\/#\/schema\/logo\/image\/"},"sameAs":["https:\/\/www.facebook.com\/svfreiendiez\/"]}]}},"_links":{"self":[{"href":"https:\/\/www.sv-freiendiez.de\/index.php?rest_route=\/wp\/v2\/pages\/24","targetHints":{"allow":["GET"]}}],"collection":[{"href":"https:\/\/www.sv-freiendiez.de\/index.php?rest_route=\/wp\/v2\/pages"}],"about":[{"href":"https:\/\/www.sv-freiendiez.de\/index.php?rest_route=\/wp\/v2\/types\/page"}],"author":[{"embeddable":true,"href":"https:\/\/www.sv-freiendiez.de\/index.php?rest_route=\/wp\/v2\/users\/1"}],"replies":[{"embeddable":true,"href":"https:\/\/www.sv-freiendiez.de\/index.php?rest_route=%2Fwp%2Fv2%2Fcomments&post=24"}],"version-history":[{"count":0,"href":"https:\/\/www.sv-freiendiez.de\/index.php?rest_route=\/wp\/v2\/pages\/24\/revisions"}],"wp:attachment":[{"href":"https:\/\/www.sv-freiendiez.de\/index.php?rest_route=%2Fwp%2Fv2%2Fmedia&parent=24"}],"curies":[{"name":"wp","href":"https:\/\/api.w.org\/{rel}","templated":true}]}}