{"id":2370,"date":"2017-10-31T16:31:57","date_gmt":"2017-10-31T15:31:57","guid":{"rendered":"http:\/\/www.sv-freiendiez.de\/?page_id=2370"},"modified":"2017-11-01T17:41:58","modified_gmt":"2017-11-01T16:41:58","slug":"holger-loeber-wie-ich-zum-boellern-kam","status":"publish","type":"page","link":"https:\/\/www.sv-freiendiez.de\/?page_id=2370","title":{"rendered":"Holger L\u00f6ber: Wie ich zum B\u00f6llern kam"},"content":{"rendered":"<figure id=\"attachment_2371\" aria-describedby=\"caption-attachment-2371\" style=\"width: 525px\" class=\"wp-caption aligncenter\"><img loading=\"lazy\" decoding=\"async\" class=\"wp-image-2371 size-large\" src=\"http:\/\/www.sv-freiendiez.de\/wp-content\/uploads\/2017\/10\/IMG_1922-683x1024.jpg\" alt=\"\" height=\"787\" width=\"525\" srcset=\"https:\/\/www.sv-freiendiez.de\/wp-content\/uploads\/2017\/10\/IMG_1922-683x1024.jpg 683w, https:\/\/www.sv-freiendiez.de\/wp-content\/uploads\/2017\/10\/IMG_1922-200x300.jpg 200w, https:\/\/www.sv-freiendiez.de\/wp-content\/uploads\/2017\/10\/IMG_1922-768x1152.jpg 768w, https:\/\/www.sv-freiendiez.de\/wp-content\/uploads\/2017\/10\/IMG_1922-600x900.jpg 600w, https:\/\/www.sv-freiendiez.de\/wp-content\/uploads\/2017\/10\/IMG_1922.jpg 1204w\" sizes=\"auto, (max-width: 525px) 100vw, 525px\" \/><figcaption id=\"caption-attachment-2371\" class=\"wp-caption-text\">(C) 2017 SV Diez-Freiendiez 1928 e.V.<\/figcaption><\/figure>\n<p style=\"text-align: justify;\">Es muss irgendwann in meiner fr\u00fchen Jugend passiert sein. Wahrscheinlich an Sylvester. Es gab kein Ende bevor sich nicht auch der letzte Feuerwerksk\u00f6rper in Schall und Rauch aufgel\u00f6st hatte und war die Z\u00fcndschnur noch so kurz.<\/p>\n<p style=\"text-align: justify;\">Der Spa\u00df am Knall und der Geruch nach Schwefel muss sich irgendwie tief im Unterbewusstsein festgesetzt haben. Doch ich denke auch meine damaligen Freunde hatten den selben Spa\u00df daran. Ein paar Jahre sp\u00e4ter trat ich in den Freiendiezer Sch\u00fctzenverein ein, schoss ein paar Jahre lang mit Begeisterung Sportpistole, mit der Mannschaft sogar in der Rheinland- Liga. Danach kamen 2 Jahrzehnte ohne Sch\u00fctzenverein weil andere Sachen wichtiger waren.<\/p>\n<figure id=\"attachment_2372\" aria-describedby=\"caption-attachment-2372\" style=\"width: 200px\" class=\"wp-caption alignleft\"><img loading=\"lazy\" decoding=\"async\" class=\"wp-image-2372 size-medium\" src=\"http:\/\/www.sv-freiendiez.de\/wp-content\/uploads\/2017\/10\/IMG_1936-200x300.jpg\" alt=\"\" height=\"300\" width=\"200\" srcset=\"https:\/\/www.sv-freiendiez.de\/wp-content\/uploads\/2017\/10\/IMG_1936-200x300.jpg 200w, https:\/\/www.sv-freiendiez.de\/wp-content\/uploads\/2017\/10\/IMG_1936-768x1152.jpg 768w, https:\/\/www.sv-freiendiez.de\/wp-content\/uploads\/2017\/10\/IMG_1936-683x1024.jpg 683w, https:\/\/www.sv-freiendiez.de\/wp-content\/uploads\/2017\/10\/IMG_1936-600x900.jpg 600w, https:\/\/www.sv-freiendiez.de\/wp-content\/uploads\/2017\/10\/IMG_1936.jpg 1204w\" sizes=\"auto, (max-width: 200px) 100vw, 200px\" \/><figcaption id=\"caption-attachment-2372\" class=\"wp-caption-text\">(C) 2017 SV Diez-Freiendiez 1928 e.V.<\/figcaption><\/figure>\n<p style=\"text-align: justify;\">So mit 40 entstand der Wunsch wieder etwas in einem Verein zu tun, haupts\u00e4chlich um den beruflichen Stress zu bek\u00e4mpfen. Sofort erinnerte ich mich an die Sportpistolenzeit und wieviel Ruhe und Gelassenheit mir das sportliche Schie\u00dfen damals gegeben hatte. So wurde ich wieder Mitglied im Sch\u00fctzenverein Freiendiez.<\/p>\n<p style=\"text-align: justify;\">Mit Begeisterung schoss ich nun alles was man dort schie\u00dfen konnte. Es gab im Verein eine kleine B\u00f6llergruppe um den damaligen Vorsitzenden Willi Begere und Manfred Tremper, die zu verschiedenen Anl\u00e4ssen b\u00f6llerte. An einem Silvesterabend wurde wieder einmal geb\u00f6llert und ich hatte endlich mal die Zeit gefunden nach Freiendiez zu fahren und dabei zu sein. Ein Schl\u00fcsselerlebnis, der Spa\u00df am Knall , der Geruch nach Schwefel und das alles in der Gemeinschaft mit Gleichgesinnten. Freude pur.<\/p>\n<p style=\"text-align: justify;\">Ab sofort wollte ich dazu geh\u00f6ren. Also B\u00f6llerlehrgang und ersten Handb\u00f6ller vom Schillinger. Als n\u00e4chstes einen Standb\u00f6ller Marke Eigenbau, danach eine Schiffskanone usw.,usw,&#8230;..<\/p>\n<figure id=\"attachment_2362\" aria-describedby=\"caption-attachment-2362\" style=\"width: 300px\" class=\"wp-caption alignright\"><img loading=\"lazy\" decoding=\"async\" class=\"wp-image-2362 size-medium\" src=\"http:\/\/www.sv-freiendiez.de\/wp-content\/uploads\/2017\/10\/IMG_1934-300x200.jpg\" alt=\"\" height=\"200\" width=\"300\" srcset=\"https:\/\/www.sv-freiendiez.de\/wp-content\/uploads\/2017\/10\/IMG_1934-300x200.jpg 300w, https:\/\/www.sv-freiendiez.de\/wp-content\/uploads\/2017\/10\/IMG_1934-768x512.jpg 768w, https:\/\/www.sv-freiendiez.de\/wp-content\/uploads\/2017\/10\/IMG_1934-1024x683.jpg 1024w, https:\/\/www.sv-freiendiez.de\/wp-content\/uploads\/2017\/10\/IMG_1934-600x400.jpg 600w, https:\/\/www.sv-freiendiez.de\/wp-content\/uploads\/2017\/10\/IMG_1934.jpg 1806w, https:\/\/www.sv-freiendiez.de\/wp-content\/uploads\/2017\/10\/IMG_1934-1320x880.jpg 1320w\" sizes=\"auto, (max-width: 300px) 100vw, 300px\" \/><figcaption id=\"caption-attachment-2362\" class=\"wp-caption-text\">(C) 2017 SV Diez-Freiendiez 1928 e.V.<\/figcaption><\/figure>\n<p style=\"text-align: justify;\">Die Begeisterung blieb bis heute, wenn auch die B\u00f6llergruppe manchmal nur aus Manfred Tremper und mir bestand. Wir b\u00f6llern heute z.B. an der Flachter Kirmes, an der Freiendiezer Kirmes, an Altweiberfastnacht am Schloss Oranienstein und immer wieder zu Sylvester in Freiendiez am Wirt. Momentan sieht es so aus als ob die B\u00f6llergruppe Zuwachs bek\u00e4me, den weitere 3 Sch\u00fctzenbr\u00fcder aus unserem Verein nehmen zur Zeit am B\u00f6llerlehrgang teil.<\/p>\n<p style=\"text-align: justify;\">Manfred und ich w\u00fcrden uns auf etwas Unterst\u00fctzung sehr freuen. Bei aller Begeisterung am B\u00f6llern sei jedoch etwas angemerkt: Jeder B\u00f6llersch\u00fctze sollte auch eine geh\u00f6rige Portion Respekt mitbringen. Respekt vor der Macht des schwarzen Pulvers. Unachtsamkeit kann schwere gesundheitliche Folgen haben, nicht nur f\u00fcr den B\u00f6llersch\u00fctzen, sondern auch f\u00fcr die Zuschauer. Anders als beim Schie\u00dfen auf dem Schie\u00dfstand wo jeder sachkundig ist und im Idealfall, jeder jeden \u00fcberwacht und zus\u00e4tzlich eine verantwortliche Aufsicht das Ganze im Auge hat, findet das B\u00f6llern ja meistens in der \u00d6ffentlichkeit statt. Hier obliegt dem B\u00f6llersch\u00fctzen eine ganz besondere Verantwortung.<\/p>\n<p>Doch genug gemahnt.<\/p>\n<p style=\"text-align: justify;\">F\u00fcr Manfred und mich gab es in den letzten Jahren keinen sch\u00f6neren Moment, als sich unter dem Beifall der Zuschauer die Hand zu geben und zu sagen: Wieder mal geb\u00f6llert, ohne besondere Vorkommnisse.<\/p>\n<p>Holger L\u00f6ber<\/p>\n","protected":false},"excerpt":{"rendered":"<p>Es muss irgendwann in meiner fr\u00fchen Jugend passiert sein. Wahrscheinlich an Sylvester. Es gab kein Ende bevor sich nicht auch der letzte Feuerwerksk\u00f6rper in Schall und Rauch aufgel\u00f6st hatte und war die Z\u00fcndschnur noch so kurz. Der Spa\u00df am Knall und der Geruch nach Schwefel muss sich irgendwie tief im Unterbewusstsein festgesetzt haben. Doch ich &hellip; <\/p>\n<p class=\"link-more\"><a href=\"https:\/\/www.sv-freiendiez.de\/?page_id=2370\" class=\"more-link\"><span class=\"screen-reader-text\">\u201eHolger L\u00f6ber: Wie ich zum B\u00f6llern kam\u201c<\/span> weiterlesen<\/a><\/p>\n","protected":false},"author":1,"featured_media":0,"parent":0,"menu_order":0,"comment_status":"closed","ping_status":"closed","template":"","meta":{"ngg_post_thumbnail":0,"footnotes":""},"class_list":["post-2370","page","type-page","status-publish","hentry"],"yoast_head":"<!-- This site is optimized with the Yoast SEO plugin v27.4 - https:\/\/yoast.com\/product\/yoast-seo-wordpress\/ -->\n<title>Holger L\u00f6ber: Wie ich zum B\u00f6llern kam - SV Diez-Freiendiez 1928 e.V.<\/title>\n<meta name=\"robots\" content=\"index, follow, max-snippet:-1, max-image-preview:large, max-video-preview:-1\" \/>\n<link rel=\"canonical\" href=\"https:\/\/www.sv-freiendiez.de\/?page_id=2370\" \/>\n<meta property=\"og:locale\" content=\"de_DE\" \/>\n<meta property=\"og:type\" content=\"article\" \/>\n<meta property=\"og:title\" content=\"Holger L\u00f6ber: Wie ich zum B\u00f6llern kam - SV Diez-Freiendiez 1928 e.V.\" \/>\n<meta property=\"og:description\" content=\"Es muss irgendwann in meiner fr\u00fchen Jugend passiert sein. Wahrscheinlich an Sylvester. Es gab kein Ende bevor sich nicht auch der letzte Feuerwerksk\u00f6rper in Schall und Rauch aufgel\u00f6st hatte und war die Z\u00fcndschnur noch so kurz. Der Spa\u00df am Knall und der Geruch nach Schwefel muss sich irgendwie tief im Unterbewusstsein festgesetzt haben. Doch ich &hellip; \u201eHolger L\u00f6ber: Wie ich zum B\u00f6llern kam\u201c weiterlesen\" \/>\n<meta property=\"og:url\" content=\"https:\/\/www.sv-freiendiez.de\/?page_id=2370\" \/>\n<meta property=\"og:site_name\" content=\"SV Diez-Freiendiez 1928 e.V.\" \/>\n<meta property=\"article:publisher\" content=\"https:\/\/www.facebook.com\/svfreiendiez\/\" \/>\n<meta property=\"article:modified_time\" content=\"2017-11-01T16:41:58+00:00\" \/>\n<meta property=\"og:image\" content=\"http:\/\/www.sv-freiendiez.de\/wp-content\/uploads\/2017\/10\/IMG_1922-683x1024.jpg\" \/>\n<meta name=\"twitter:card\" content=\"summary_large_image\" \/>\n<meta name=\"twitter:label1\" content=\"Gesch\u00e4tzte Lesezeit\" \/>\n\t<meta name=\"twitter:data1\" content=\"3\u00a0Minuten\" \/>\n<script type=\"application\/ld+json\" class=\"yoast-schema-graph\">{\"@context\":\"https:\\\/\\\/schema.org\",\"@graph\":[{\"@type\":\"WebPage\",\"@id\":\"https:\\\/\\\/www.sv-freiendiez.de\\\/?page_id=2370\",\"url\":\"https:\\\/\\\/www.sv-freiendiez.de\\\/?page_id=2370\",\"name\":\"Holger L\u00f6ber: Wie ich zum B\u00f6llern kam - SV Diez-Freiendiez 1928 e.V.\",\"isPartOf\":{\"@id\":\"https:\\\/\\\/www.sv-freiendiez.de\\\/#website\"},\"primaryImageOfPage\":{\"@id\":\"https:\\\/\\\/www.sv-freiendiez.de\\\/?page_id=2370#primaryimage\"},\"image\":{\"@id\":\"https:\\\/\\\/www.sv-freiendiez.de\\\/?page_id=2370#primaryimage\"},\"thumbnailUrl\":\"http:\\\/\\\/www.sv-freiendiez.de\\\/wp-content\\\/uploads\\\/2017\\\/10\\\/IMG_1922-683x1024.jpg\",\"datePublished\":\"2017-10-31T15:31:57+00:00\",\"dateModified\":\"2017-11-01T16:41:58+00:00\",\"breadcrumb\":{\"@id\":\"https:\\\/\\\/www.sv-freiendiez.de\\\/?page_id=2370#breadcrumb\"},\"inLanguage\":\"de\",\"potentialAction\":[{\"@type\":\"ReadAction\",\"target\":[\"https:\\\/\\\/www.sv-freiendiez.de\\\/?page_id=2370\"]}]},{\"@type\":\"ImageObject\",\"inLanguage\":\"de\",\"@id\":\"https:\\\/\\\/www.sv-freiendiez.de\\\/?page_id=2370#primaryimage\",\"url\":\"https:\\\/\\\/www.sv-freiendiez.de\\\/wp-content\\\/uploads\\\/2017\\\/10\\\/IMG_1922.jpg\",\"contentUrl\":\"https:\\\/\\\/www.sv-freiendiez.de\\\/wp-content\\\/uploads\\\/2017\\\/10\\\/IMG_1922.jpg\",\"width\":1204,\"height\":1806},{\"@type\":\"BreadcrumbList\",\"@id\":\"https:\\\/\\\/www.sv-freiendiez.de\\\/?page_id=2370#breadcrumb\",\"itemListElement\":[{\"@type\":\"ListItem\",\"position\":1,\"name\":\"Startseite\",\"item\":\"https:\\\/\\\/www.sv-freiendiez.de\\\/\"},{\"@type\":\"ListItem\",\"position\":2,\"name\":\"Holger L\u00f6ber: Wie ich zum B\u00f6llern kam\"}]},{\"@type\":\"WebSite\",\"@id\":\"https:\\\/\\\/www.sv-freiendiez.de\\\/#website\",\"url\":\"https:\\\/\\\/www.sv-freiendiez.de\\\/\",\"name\":\"SV Diez-Freiendiez 1928 e.V.\",\"description\":\"Sch\u00fctzenverein Diez-Freiendiez 1928 e.V.\",\"publisher\":{\"@id\":\"https:\\\/\\\/www.sv-freiendiez.de\\\/#organization\"},\"potentialAction\":[{\"@type\":\"SearchAction\",\"target\":{\"@type\":\"EntryPoint\",\"urlTemplate\":\"https:\\\/\\\/www.sv-freiendiez.de\\\/?s={search_term_string}\"},\"query-input\":{\"@type\":\"PropertyValueSpecification\",\"valueRequired\":true,\"valueName\":\"search_term_string\"}}],\"inLanguage\":\"de\"},{\"@type\":\"Organization\",\"@id\":\"https:\\\/\\\/www.sv-freiendiez.de\\\/#organization\",\"name\":\"SV Diez-Freiendiez 1928 e.V.\",\"url\":\"https:\\\/\\\/www.sv-freiendiez.de\\\/\",\"logo\":{\"@type\":\"ImageObject\",\"inLanguage\":\"de\",\"@id\":\"https:\\\/\\\/www.sv-freiendiez.de\\\/#\\\/schema\\\/logo\\\/image\\\/\",\"url\":\"https:\\\/\\\/www.sv-freiendiez.de\\\/wp-content\\\/uploads\\\/2016\\\/12\\\/cropped-wappen250.png\",\"contentUrl\":\"https:\\\/\\\/www.sv-freiendiez.de\\\/wp-content\\\/uploads\\\/2016\\\/12\\\/cropped-wappen250.png\",\"width\":250,\"height\":250,\"caption\":\"SV Diez-Freiendiez 1928 e.V.\"},\"image\":{\"@id\":\"https:\\\/\\\/www.sv-freiendiez.de\\\/#\\\/schema\\\/logo\\\/image\\\/\"},\"sameAs\":[\"https:\\\/\\\/www.facebook.com\\\/svfreiendiez\\\/\"]}]}<\/script>\n<!-- \/ Yoast SEO plugin. -->","yoast_head_json":{"title":"Holger L\u00f6ber: Wie ich zum B\u00f6llern kam - SV Diez-Freiendiez 1928 e.V.","robots":{"index":"index","follow":"follow","max-snippet":"max-snippet:-1","max-image-preview":"max-image-preview:large","max-video-preview":"max-video-preview:-1"},"canonical":"https:\/\/www.sv-freiendiez.de\/?page_id=2370","og_locale":"de_DE","og_type":"article","og_title":"Holger L\u00f6ber: Wie ich zum B\u00f6llern kam - SV Diez-Freiendiez 1928 e.V.","og_description":"Es muss irgendwann in meiner fr\u00fchen Jugend passiert sein. Wahrscheinlich an Sylvester. Es gab kein Ende bevor sich nicht auch der letzte Feuerwerksk\u00f6rper in Schall und Rauch aufgel\u00f6st hatte und war die Z\u00fcndschnur noch so kurz. Der Spa\u00df am Knall und der Geruch nach Schwefel muss sich irgendwie tief im Unterbewusstsein festgesetzt haben. Doch ich &hellip; \u201eHolger L\u00f6ber: Wie ich zum B\u00f6llern kam\u201c weiterlesen","og_url":"https:\/\/www.sv-freiendiez.de\/?page_id=2370","og_site_name":"SV Diez-Freiendiez 1928 e.V.","article_publisher":"https:\/\/www.facebook.com\/svfreiendiez\/","article_modified_time":"2017-11-01T16:41:58+00:00","og_image":[{"url":"http:\/\/www.sv-freiendiez.de\/wp-content\/uploads\/2017\/10\/IMG_1922-683x1024.jpg","type":"","width":"","height":""}],"twitter_card":"summary_large_image","twitter_misc":{"Gesch\u00e4tzte Lesezeit":"3\u00a0Minuten"},"schema":{"@context":"https:\/\/schema.org","@graph":[{"@type":"WebPage","@id":"https:\/\/www.sv-freiendiez.de\/?page_id=2370","url":"https:\/\/www.sv-freiendiez.de\/?page_id=2370","name":"Holger L\u00f6ber: Wie ich zum B\u00f6llern kam - SV Diez-Freiendiez 1928 e.V.","isPartOf":{"@id":"https:\/\/www.sv-freiendiez.de\/#website"},"primaryImageOfPage":{"@id":"https:\/\/www.sv-freiendiez.de\/?page_id=2370#primaryimage"},"image":{"@id":"https:\/\/www.sv-freiendiez.de\/?page_id=2370#primaryimage"},"thumbnailUrl":"http:\/\/www.sv-freiendiez.de\/wp-content\/uploads\/2017\/10\/IMG_1922-683x1024.jpg","datePublished":"2017-10-31T15:31:57+00:00","dateModified":"2017-11-01T16:41:58+00:00","breadcrumb":{"@id":"https:\/\/www.sv-freiendiez.de\/?page_id=2370#breadcrumb"},"inLanguage":"de","potentialAction":[{"@type":"ReadAction","target":["https:\/\/www.sv-freiendiez.de\/?page_id=2370"]}]},{"@type":"ImageObject","inLanguage":"de","@id":"https:\/\/www.sv-freiendiez.de\/?page_id=2370#primaryimage","url":"https:\/\/www.sv-freiendiez.de\/wp-content\/uploads\/2017\/10\/IMG_1922.jpg","contentUrl":"https:\/\/www.sv-freiendiez.de\/wp-content\/uploads\/2017\/10\/IMG_1922.jpg","width":1204,"height":1806},{"@type":"BreadcrumbList","@id":"https:\/\/www.sv-freiendiez.de\/?page_id=2370#breadcrumb","itemListElement":[{"@type":"ListItem","position":1,"name":"Startseite","item":"https:\/\/www.sv-freiendiez.de\/"},{"@type":"ListItem","position":2,"name":"Holger L\u00f6ber: Wie ich zum B\u00f6llern kam"}]},{"@type":"WebSite","@id":"https:\/\/www.sv-freiendiez.de\/#website","url":"https:\/\/www.sv-freiendiez.de\/","name":"SV Diez-Freiendiez 1928 e.V.","description":"Sch\u00fctzenverein Diez-Freiendiez 1928 e.V.","publisher":{"@id":"https:\/\/www.sv-freiendiez.de\/#organization"},"potentialAction":[{"@type":"SearchAction","target":{"@type":"EntryPoint","urlTemplate":"https:\/\/www.sv-freiendiez.de\/?s={search_term_string}"},"query-input":{"@type":"PropertyValueSpecification","valueRequired":true,"valueName":"search_term_string"}}],"inLanguage":"de"},{"@type":"Organization","@id":"https:\/\/www.sv-freiendiez.de\/#organization","name":"SV Diez-Freiendiez 1928 e.V.","url":"https:\/\/www.sv-freiendiez.de\/","logo":{"@type":"ImageObject","inLanguage":"de","@id":"https:\/\/www.sv-freiendiez.de\/#\/schema\/logo\/image\/","url":"https:\/\/www.sv-freiendiez.de\/wp-content\/uploads\/2016\/12\/cropped-wappen250.png","contentUrl":"https:\/\/www.sv-freiendiez.de\/wp-content\/uploads\/2016\/12\/cropped-wappen250.png","width":250,"height":250,"caption":"SV Diez-Freiendiez 1928 e.V."},"image":{"@id":"https:\/\/www.sv-freiendiez.de\/#\/schema\/logo\/image\/"},"sameAs":["https:\/\/www.facebook.com\/svfreiendiez\/"]}]}},"_links":{"self":[{"href":"https:\/\/www.sv-freiendiez.de\/index.php?rest_route=\/wp\/v2\/pages\/2370","targetHints":{"allow":["GET"]}}],"collection":[{"href":"https:\/\/www.sv-freiendiez.de\/index.php?rest_route=\/wp\/v2\/pages"}],"about":[{"href":"https:\/\/www.sv-freiendiez.de\/index.php?rest_route=\/wp\/v2\/types\/page"}],"author":[{"embeddable":true,"href":"https:\/\/www.sv-freiendiez.de\/index.php?rest_route=\/wp\/v2\/users\/1"}],"replies":[{"embeddable":true,"href":"https:\/\/www.sv-freiendiez.de\/index.php?rest_route=%2Fwp%2Fv2%2Fcomments&post=2370"}],"version-history":[{"count":0,"href":"https:\/\/www.sv-freiendiez.de\/index.php?rest_route=\/wp\/v2\/pages\/2370\/revisions"}],"wp:attachment":[{"href":"https:\/\/www.sv-freiendiez.de\/index.php?rest_route=%2Fwp%2Fv2%2Fmedia&parent=2370"}],"curies":[{"name":"wp","href":"https:\/\/api.w.org\/{rel}","templated":true}]}}