{"id":1613,"date":"2017-06-01T21:43:58","date_gmt":"2017-06-01T19:43:58","guid":{"rendered":"http:\/\/www.sv-freiendiez.de\/?page_id=1613"},"modified":"2017-07-20T11:44:52","modified_gmt":"2017-07-20T09:44:52","slug":"schiesssport-wie-geht-das-teil-6-2","status":"publish","type":"page","link":"https:\/\/www.sv-freiendiez.de\/?page_id=1613","title":{"rendered":"Schie\u00dfsport? Wie geht das? &#8211; Teil 6"},"content":{"rendered":"<p style=\"text-align: justify;\"><strong><a href=\"http:\/\/www.sv-freiendiez.de\/wp-content\/uploads\/2017\/05\/schiesssport_teil6.png\"><img loading=\"lazy\" decoding=\"async\" width=\"300\" height=\"174\" class=\"alignleft size-medium wp-image-1600\" alt=\"\" src=\"http:\/\/www.sv-freiendiez.de\/wp-content\/uploads\/2017\/05\/schiesssport_teil6-300x174.png\" srcset=\"https:\/\/www.sv-freiendiez.de\/wp-content\/uploads\/2017\/05\/schiesssport_teil6-300x174.png 300w, https:\/\/www.sv-freiendiez.de\/wp-content\/uploads\/2017\/05\/schiesssport_teil6.png 311w\" sizes=\"auto, (max-width: 300px) 100vw, 300px\" \/><\/a>Rechtliches II<\/strong>&nbsp;&nbsp;&nbsp;&nbsp;&nbsp;&nbsp;&nbsp;&nbsp;&nbsp;&nbsp; Der Sachkunde Nachweis. F\u00fcr die Erteilung einer Waffenbesitzkarte ist der Nachweis \u00fcber die Waffensackunde zwingend vorgeschrieben. Keine Sachkunde, keine Erlaubnispflichtige Waffe. Und das ist auch gut so. Allen anderen sei nahegelegt, trotzdem den Lehrgang und die Pr\u00fcfung abzulegen. Auch mit Erlaubnisfreien Waffen wie einer Luftpistole kann man gegen das Waffengesetz versto\u00dfen, z.B. beim Transport. Da im Sachkunde-Lehrgang eingehend auf die Bestimmungen im Waffengesetz eingegangen wird, lege ich diesen Lehrgang mit anschlie\u00dfender Pr\u00fcfung jeden Sportsch\u00fctzen nahe, egal welche Waffe er schie\u00dft.<\/p>\n<p style=\"text-align: justify;\"><a href=\"http:\/\/www.sv-freiendiez.de\/wp-content\/uploads\/2017\/06\/G17-Gen4-40.jpg\"><img loading=\"lazy\" decoding=\"async\" width=\"300\" height=\"206\" class=\"alignright size-medium wp-image-1625\" alt=\"\" src=\"http:\/\/www.sv-freiendiez.de\/wp-content\/uploads\/2017\/06\/G17-Gen4-40-300x206.jpg\" srcset=\"https:\/\/www.sv-freiendiez.de\/wp-content\/uploads\/2017\/06\/G17-Gen4-40-300x206.jpg 300w, https:\/\/www.sv-freiendiez.de\/wp-content\/uploads\/2017\/06\/G17-Gen4-40-600x411.jpg 600w, https:\/\/www.sv-freiendiez.de\/wp-content\/uploads\/2017\/06\/G17-Gen4-40.jpg 645w\" sizes=\"auto, (max-width: 300px) 100vw, 300px\" \/><\/a>Der Lehrgang besteht gew\u00f6hnlich aus 2 Tagen mit je 8 Stunden Unterricht und einem Tag Pr\u00fcfung.<\/p>\n<p style=\"text-align: justify;\"><strong>Tag 1<\/strong> &#8211; Theoretischer Untericht Waffenkunde und Waffenrecht<br \/>\n<strong>Tag 2<\/strong> &#8211; Theoretischer Untericht Waffenkunde und Waffenrecht, praktische Handhabung von Waffen und Munition, Ausbildung auf dem Schie\u00dfstand mit Schiessen von Kurz- und Langwaffen.<br \/>\n<strong>Tag 3<\/strong> &#8211; Wiederholung des Gelernten mit anschlie\u00dfender Fragerunde, schriftliche und m\u00fcndliche Pr\u00fcfung.<\/p>\n<p style=\"text-align: justify;\"><strong>Lehrteil Waffenrecht<\/strong><br \/>\nIm Groben definiert das Waffenrecht, was eine Waffe ist und was nicht, was erlaubnisfreie Waffen sind, erlaubnispflichtige oder verbotene Waffen. Es regelt weiterhin den Zugang zu erlaubnispflichtigen Waffen und den Umgang (Transport, Aufbewahrung) damit.&nbsp; Die Kerninhalte des Waffenrechts sind Gegenstand dieses Lehrteils.<\/p>\n<figure id=\"attachment_1627\" aria-describedby=\"caption-attachment-1627\" style=\"width: 300px\" class=\"wp-caption alignleft\"><a href=\"http:\/\/www.sv-freiendiez.de\/wp-content\/uploads\/2017\/06\/url21_16.jpg\"><img loading=\"lazy\" decoding=\"async\" width=\"300\" height=\"200\" class=\"wp-image-1627 size-medium\" alt=\"\" src=\"http:\/\/www.sv-freiendiez.de\/wp-content\/uploads\/2017\/06\/url21_16-300x200.jpg\" srcset=\"https:\/\/www.sv-freiendiez.de\/wp-content\/uploads\/2017\/06\/url21_16-300x200.jpg 300w, https:\/\/www.sv-freiendiez.de\/wp-content\/uploads\/2017\/06\/url21_16-768x512.jpg 768w, https:\/\/www.sv-freiendiez.de\/wp-content\/uploads\/2017\/06\/url21_16-600x400.jpg 600w, https:\/\/www.sv-freiendiez.de\/wp-content\/uploads\/2017\/06\/url21_16.jpg 918w\" sizes=\"auto, (max-width: 300px) 100vw, 300px\" \/><\/a><figcaption id=\"caption-attachment-1627\" class=\"wp-caption-text\"><a href=\"http:\/\/www.sv-freiendiez.de\/wp-content\/uploads\/2017\/06\/url21.jpg\">Volle Aufl\u00f6sung hier klicken<\/a><\/figcaption><\/figure>\n<p style=\"text-align: justify;\"><strong>Lehrteil Waffenkunde<\/strong><br \/>\nHier wird z.B. auf die Waffentechnik, Munition, Balistik eingegangen. Was sind die relvanten Bauteile einer Waffe, die nicht ver\u00e4ndert werden d\u00fcrfen?<\/p>\n<p style=\"text-align: justify;\"><strong>Lehrteil Praktische Handhabung von Waffen und Munition<\/strong><br \/>\nDie Ausbildung erfolgt hier am Objekt. Es werden Schaust\u00fccke zum Thema Munition und Waffen gezeigt und deren Funktion&nbsp; erkl\u00e4rt. Wo finde ich die Seriennummer einer Waffe? Wo finde ich die Beschusszeichen und was hat es damit auf sich? Wie kann ich feststellen, welche Munition ich mit einer Waffe verschie\u00dfen kann? etc.<\/p>\n<p style=\"text-align: justify;\"><strong>Lehrteil Ausbildung auf dem Schie\u00dfstand mit Schiessen von Kurz- und Langwaffen<\/strong><br \/>\nHier werden eine oder mehrere Waffen vom Teilnehmer auf dem Schie\u00dfstand geschossen, nachdem er vom Lehrgangsleiter eine Einweisung dazu erhalten hat.<\/p>\n<p style=\"text-align: justify;\"><strong>Pr\u00fcfung<\/strong><br \/>\nDie Pr\u00fcfung besteht aus einem schriftlichen Teil und einem m\u00fcndlichen Teil. Im schriftlichen Teil wird der Lehrstoff in einem Fragenkatalog abgefragt. Teilweise im Multiple-Choice Verfahren, teilweise auch mit Freitext Antworten. Im m\u00fcndlichen Teil steht mal mit den Pr\u00fcfern vor einem Tisch mit Waffen. Die Pr\u00fcfer fordern den Teilnehmer auf, die Art einer Waffe zu benennen oder heruaszufinden, welcher Munitionstyp mit einer Bestimmten Waffe geschossen werden darf. Es k\u00f6nnen auch Inhalte aus dem Waffenrecht m\u00fcndlich abgefragt werden.<\/p>\n<p style=\"text-align: justify;\">Wenn die Pr\u00fcfung bestanden wird, erh\u00e4lt man eine Bescheinigung \u00fcber den erfolgreichen Abschlu\u00df des Waffensachkunde Lehrgangs. Damit ist eine der H\u00fcrden zur Waffenbesitzkarte (WBK) genommen.<\/p>\n<p style=\"text-align: justify;\"><em><strong>Disclaimer: Alle Angaben und Bezugnahmen zum Waffenrecht vorbehaltlich des Irrtums und der Aktualit\u00e4t!<\/strong><\/em><\/p>\n<p style=\"text-align: justify;\"><a href=\"http:\/\/www.sv-freiendiez.de\/?page_id=1593\">Teil 7 &#8211; Rechtliches III<\/a><\/p>\n","protected":false},"excerpt":{"rendered":"<p>Rechtliches II&nbsp;&nbsp;&nbsp;&nbsp;&nbsp;&nbsp;&nbsp;&nbsp;&nbsp;&nbsp; Der Sachkunde Nachweis. F\u00fcr die Erteilung einer Waffenbesitzkarte ist der Nachweis \u00fcber die Waffensackunde zwingend vorgeschrieben. Keine Sachkunde, keine Erlaubnispflichtige Waffe. Und das ist auch gut so. Allen anderen sei nahegelegt, trotzdem den Lehrgang und die Pr\u00fcfung abzulegen. Auch mit Erlaubnisfreien Waffen wie einer Luftpistole kann man gegen das Waffengesetz versto\u00dfen, z.B. beim &hellip; <\/p>\n<p class=\"link-more\"><a href=\"https:\/\/www.sv-freiendiez.de\/?page_id=1613\" class=\"more-link\"><span class=\"screen-reader-text\">\u201eSchie\u00dfsport? Wie geht das? &#8211; Teil 6\u201c<\/span> weiterlesen<\/a><\/p>\n","protected":false},"author":1,"featured_media":0,"parent":0,"menu_order":0,"comment_status":"closed","ping_status":"closed","template":"","meta":{"ngg_post_thumbnail":0,"footnotes":""},"class_list":["post-1613","page","type-page","status-publish","hentry"],"yoast_head":"<!-- This site is optimized with the Yoast SEO plugin v27.4 - https:\/\/yoast.com\/product\/yoast-seo-wordpress\/ -->\n<title>Schie\u00dfsport? Wie geht das? - Teil 6 - SV Diez-Freiendiez 1928 e.V.<\/title>\n<meta name=\"robots\" content=\"index, follow, max-snippet:-1, max-image-preview:large, max-video-preview:-1\" \/>\n<link rel=\"canonical\" href=\"https:\/\/www.sv-freiendiez.de\/?page_id=1613\" \/>\n<meta property=\"og:locale\" content=\"de_DE\" \/>\n<meta property=\"og:type\" content=\"article\" \/>\n<meta property=\"og:title\" content=\"Schie\u00dfsport? Wie geht das? - Teil 6 - SV Diez-Freiendiez 1928 e.V.\" \/>\n<meta property=\"og:description\" content=\"Rechtliches II&nbsp;&nbsp;&nbsp;&nbsp;&nbsp;&nbsp;&nbsp;&nbsp;&nbsp;&nbsp; Der Sachkunde Nachweis. F\u00fcr die Erteilung einer Waffenbesitzkarte ist der Nachweis \u00fcber die Waffensackunde zwingend vorgeschrieben. Keine Sachkunde, keine Erlaubnispflichtige Waffe. Und das ist auch gut so. Allen anderen sei nahegelegt, trotzdem den Lehrgang und die Pr\u00fcfung abzulegen. Auch mit Erlaubnisfreien Waffen wie einer Luftpistole kann man gegen das Waffengesetz versto\u00dfen, z.B. beim &hellip; \u201eSchie\u00dfsport? Wie geht das? &#8211; Teil 6\u201c weiterlesen\" \/>\n<meta property=\"og:url\" content=\"https:\/\/www.sv-freiendiez.de\/?page_id=1613\" \/>\n<meta property=\"og:site_name\" content=\"SV Diez-Freiendiez 1928 e.V.\" \/>\n<meta property=\"article:publisher\" content=\"https:\/\/www.facebook.com\/svfreiendiez\/\" \/>\n<meta property=\"article:modified_time\" content=\"2017-07-20T09:44:52+00:00\" \/>\n<meta property=\"og:image\" content=\"http:\/\/www.sv-freiendiez.de\/wp-content\/uploads\/2017\/05\/schiesssport_teil6-300x174.png\" \/>\n<meta name=\"twitter:card\" content=\"summary_large_image\" \/>\n<meta name=\"twitter:label1\" content=\"Gesch\u00e4tzte Lesezeit\" \/>\n\t<meta name=\"twitter:data1\" content=\"2\u00a0Minuten\" \/>\n<script type=\"application\/ld+json\" class=\"yoast-schema-graph\">{\"@context\":\"https:\\\/\\\/schema.org\",\"@graph\":[{\"@type\":\"WebPage\",\"@id\":\"https:\\\/\\\/www.sv-freiendiez.de\\\/?page_id=1613\",\"url\":\"https:\\\/\\\/www.sv-freiendiez.de\\\/?page_id=1613\",\"name\":\"Schie\u00dfsport? Wie geht das? - Teil 6 - SV Diez-Freiendiez 1928 e.V.\",\"isPartOf\":{\"@id\":\"https:\\\/\\\/www.sv-freiendiez.de\\\/#website\"},\"primaryImageOfPage\":{\"@id\":\"https:\\\/\\\/www.sv-freiendiez.de\\\/?page_id=1613#primaryimage\"},\"image\":{\"@id\":\"https:\\\/\\\/www.sv-freiendiez.de\\\/?page_id=1613#primaryimage\"},\"thumbnailUrl\":\"http:\\\/\\\/www.sv-freiendiez.de\\\/wp-content\\\/uploads\\\/2017\\\/05\\\/schiesssport_teil6-300x174.png\",\"datePublished\":\"2017-06-01T19:43:58+00:00\",\"dateModified\":\"2017-07-20T09:44:52+00:00\",\"breadcrumb\":{\"@id\":\"https:\\\/\\\/www.sv-freiendiez.de\\\/?page_id=1613#breadcrumb\"},\"inLanguage\":\"de\",\"potentialAction\":[{\"@type\":\"ReadAction\",\"target\":[\"https:\\\/\\\/www.sv-freiendiez.de\\\/?page_id=1613\"]}]},{\"@type\":\"ImageObject\",\"inLanguage\":\"de\",\"@id\":\"https:\\\/\\\/www.sv-freiendiez.de\\\/?page_id=1613#primaryimage\",\"url\":\"https:\\\/\\\/www.sv-freiendiez.de\\\/wp-content\\\/uploads\\\/2017\\\/05\\\/schiesssport_teil6.png\",\"contentUrl\":\"https:\\\/\\\/www.sv-freiendiez.de\\\/wp-content\\\/uploads\\\/2017\\\/05\\\/schiesssport_teil6.png\",\"width\":311,\"height\":180},{\"@type\":\"BreadcrumbList\",\"@id\":\"https:\\\/\\\/www.sv-freiendiez.de\\\/?page_id=1613#breadcrumb\",\"itemListElement\":[{\"@type\":\"ListItem\",\"position\":1,\"name\":\"Startseite\",\"item\":\"https:\\\/\\\/www.sv-freiendiez.de\\\/\"},{\"@type\":\"ListItem\",\"position\":2,\"name\":\"Schie\u00dfsport? Wie geht das? &#8211; Teil 6\"}]},{\"@type\":\"WebSite\",\"@id\":\"https:\\\/\\\/www.sv-freiendiez.de\\\/#website\",\"url\":\"https:\\\/\\\/www.sv-freiendiez.de\\\/\",\"name\":\"SV Diez-Freiendiez 1928 e.V.\",\"description\":\"Sch\u00fctzenverein Diez-Freiendiez 1928 e.V.\",\"publisher\":{\"@id\":\"https:\\\/\\\/www.sv-freiendiez.de\\\/#organization\"},\"potentialAction\":[{\"@type\":\"SearchAction\",\"target\":{\"@type\":\"EntryPoint\",\"urlTemplate\":\"https:\\\/\\\/www.sv-freiendiez.de\\\/?s={search_term_string}\"},\"query-input\":{\"@type\":\"PropertyValueSpecification\",\"valueRequired\":true,\"valueName\":\"search_term_string\"}}],\"inLanguage\":\"de\"},{\"@type\":\"Organization\",\"@id\":\"https:\\\/\\\/www.sv-freiendiez.de\\\/#organization\",\"name\":\"SV Diez-Freiendiez 1928 e.V.\",\"url\":\"https:\\\/\\\/www.sv-freiendiez.de\\\/\",\"logo\":{\"@type\":\"ImageObject\",\"inLanguage\":\"de\",\"@id\":\"https:\\\/\\\/www.sv-freiendiez.de\\\/#\\\/schema\\\/logo\\\/image\\\/\",\"url\":\"https:\\\/\\\/www.sv-freiendiez.de\\\/wp-content\\\/uploads\\\/2016\\\/12\\\/cropped-wappen250.png\",\"contentUrl\":\"https:\\\/\\\/www.sv-freiendiez.de\\\/wp-content\\\/uploads\\\/2016\\\/12\\\/cropped-wappen250.png\",\"width\":250,\"height\":250,\"caption\":\"SV Diez-Freiendiez 1928 e.V.\"},\"image\":{\"@id\":\"https:\\\/\\\/www.sv-freiendiez.de\\\/#\\\/schema\\\/logo\\\/image\\\/\"},\"sameAs\":[\"https:\\\/\\\/www.facebook.com\\\/svfreiendiez\\\/\"]}]}<\/script>\n<!-- \/ Yoast SEO plugin. -->","yoast_head_json":{"title":"Schie\u00dfsport? Wie geht das? - Teil 6 - SV Diez-Freiendiez 1928 e.V.","robots":{"index":"index","follow":"follow","max-snippet":"max-snippet:-1","max-image-preview":"max-image-preview:large","max-video-preview":"max-video-preview:-1"},"canonical":"https:\/\/www.sv-freiendiez.de\/?page_id=1613","og_locale":"de_DE","og_type":"article","og_title":"Schie\u00dfsport? Wie geht das? - Teil 6 - SV Diez-Freiendiez 1928 e.V.","og_description":"Rechtliches II&nbsp;&nbsp;&nbsp;&nbsp;&nbsp;&nbsp;&nbsp;&nbsp;&nbsp;&nbsp; Der Sachkunde Nachweis. F\u00fcr die Erteilung einer Waffenbesitzkarte ist der Nachweis \u00fcber die Waffensackunde zwingend vorgeschrieben. Keine Sachkunde, keine Erlaubnispflichtige Waffe. Und das ist auch gut so. Allen anderen sei nahegelegt, trotzdem den Lehrgang und die Pr\u00fcfung abzulegen. Auch mit Erlaubnisfreien Waffen wie einer Luftpistole kann man gegen das Waffengesetz versto\u00dfen, z.B. beim &hellip; \u201eSchie\u00dfsport? Wie geht das? &#8211; Teil 6\u201c weiterlesen","og_url":"https:\/\/www.sv-freiendiez.de\/?page_id=1613","og_site_name":"SV Diez-Freiendiez 1928 e.V.","article_publisher":"https:\/\/www.facebook.com\/svfreiendiez\/","article_modified_time":"2017-07-20T09:44:52+00:00","og_image":[{"url":"http:\/\/www.sv-freiendiez.de\/wp-content\/uploads\/2017\/05\/schiesssport_teil6-300x174.png","type":"","width":"","height":""}],"twitter_card":"summary_large_image","twitter_misc":{"Gesch\u00e4tzte Lesezeit":"2\u00a0Minuten"},"schema":{"@context":"https:\/\/schema.org","@graph":[{"@type":"WebPage","@id":"https:\/\/www.sv-freiendiez.de\/?page_id=1613","url":"https:\/\/www.sv-freiendiez.de\/?page_id=1613","name":"Schie\u00dfsport? Wie geht das? - Teil 6 - SV Diez-Freiendiez 1928 e.V.","isPartOf":{"@id":"https:\/\/www.sv-freiendiez.de\/#website"},"primaryImageOfPage":{"@id":"https:\/\/www.sv-freiendiez.de\/?page_id=1613#primaryimage"},"image":{"@id":"https:\/\/www.sv-freiendiez.de\/?page_id=1613#primaryimage"},"thumbnailUrl":"http:\/\/www.sv-freiendiez.de\/wp-content\/uploads\/2017\/05\/schiesssport_teil6-300x174.png","datePublished":"2017-06-01T19:43:58+00:00","dateModified":"2017-07-20T09:44:52+00:00","breadcrumb":{"@id":"https:\/\/www.sv-freiendiez.de\/?page_id=1613#breadcrumb"},"inLanguage":"de","potentialAction":[{"@type":"ReadAction","target":["https:\/\/www.sv-freiendiez.de\/?page_id=1613"]}]},{"@type":"ImageObject","inLanguage":"de","@id":"https:\/\/www.sv-freiendiez.de\/?page_id=1613#primaryimage","url":"https:\/\/www.sv-freiendiez.de\/wp-content\/uploads\/2017\/05\/schiesssport_teil6.png","contentUrl":"https:\/\/www.sv-freiendiez.de\/wp-content\/uploads\/2017\/05\/schiesssport_teil6.png","width":311,"height":180},{"@type":"BreadcrumbList","@id":"https:\/\/www.sv-freiendiez.de\/?page_id=1613#breadcrumb","itemListElement":[{"@type":"ListItem","position":1,"name":"Startseite","item":"https:\/\/www.sv-freiendiez.de\/"},{"@type":"ListItem","position":2,"name":"Schie\u00dfsport? Wie geht das? &#8211; Teil 6"}]},{"@type":"WebSite","@id":"https:\/\/www.sv-freiendiez.de\/#website","url":"https:\/\/www.sv-freiendiez.de\/","name":"SV Diez-Freiendiez 1928 e.V.","description":"Sch\u00fctzenverein Diez-Freiendiez 1928 e.V.","publisher":{"@id":"https:\/\/www.sv-freiendiez.de\/#organization"},"potentialAction":[{"@type":"SearchAction","target":{"@type":"EntryPoint","urlTemplate":"https:\/\/www.sv-freiendiez.de\/?s={search_term_string}"},"query-input":{"@type":"PropertyValueSpecification","valueRequired":true,"valueName":"search_term_string"}}],"inLanguage":"de"},{"@type":"Organization","@id":"https:\/\/www.sv-freiendiez.de\/#organization","name":"SV Diez-Freiendiez 1928 e.V.","url":"https:\/\/www.sv-freiendiez.de\/","logo":{"@type":"ImageObject","inLanguage":"de","@id":"https:\/\/www.sv-freiendiez.de\/#\/schema\/logo\/image\/","url":"https:\/\/www.sv-freiendiez.de\/wp-content\/uploads\/2016\/12\/cropped-wappen250.png","contentUrl":"https:\/\/www.sv-freiendiez.de\/wp-content\/uploads\/2016\/12\/cropped-wappen250.png","width":250,"height":250,"caption":"SV Diez-Freiendiez 1928 e.V."},"image":{"@id":"https:\/\/www.sv-freiendiez.de\/#\/schema\/logo\/image\/"},"sameAs":["https:\/\/www.facebook.com\/svfreiendiez\/"]}]}},"_links":{"self":[{"href":"https:\/\/www.sv-freiendiez.de\/index.php?rest_route=\/wp\/v2\/pages\/1613","targetHints":{"allow":["GET"]}}],"collection":[{"href":"https:\/\/www.sv-freiendiez.de\/index.php?rest_route=\/wp\/v2\/pages"}],"about":[{"href":"https:\/\/www.sv-freiendiez.de\/index.php?rest_route=\/wp\/v2\/types\/page"}],"author":[{"embeddable":true,"href":"https:\/\/www.sv-freiendiez.de\/index.php?rest_route=\/wp\/v2\/users\/1"}],"replies":[{"embeddable":true,"href":"https:\/\/www.sv-freiendiez.de\/index.php?rest_route=%2Fwp%2Fv2%2Fcomments&post=1613"}],"version-history":[{"count":0,"href":"https:\/\/www.sv-freiendiez.de\/index.php?rest_route=\/wp\/v2\/pages\/1613\/revisions"}],"wp:attachment":[{"href":"https:\/\/www.sv-freiendiez.de\/index.php?rest_route=%2Fwp%2Fv2%2Fmedia&parent=1613"}],"curies":[{"name":"wp","href":"https:\/\/api.w.org\/{rel}","templated":true}]}}