{"id":1369,"date":"2017-05-05T15:46:03","date_gmt":"2017-05-05T13:46:03","guid":{"rendered":"http:\/\/www.sv-freiendiez.de\/?page_id=1369"},"modified":"2018-05-31T10:43:21","modified_gmt":"2018-05-31T08:43:21","slug":"trainingszeiten","status":"publish","type":"page","link":"https:\/\/www.sv-freiendiez.de\/?page_id=1369","title":{"rendered":"Trainingszeiten"},"content":{"rendered":"<p><strong>Unsere Trainingszeiten sind:<\/strong><\/p>\n<table style=\"width: 358.58px;\">\n<tbody>\n<tr>\n<td style=\"width: 81px;\">Freitag<\/td>\n<td style=\"width: 107px;\">Jugend<\/td>\n<td style=\"width: 137.58px;\">18:00-19:30 Uhr<\/td>\n<\/tr>\n<tr>\n<td style=\"width: 81px;\">Freitag<\/td>\n<td style=\"width: 107px;\">Erwachsene<\/td>\n<td style=\"width: 137.58px;\">18:00-22:00 Uhr<\/td>\n<\/tr>\n<tr>\n<td style=\"width: 81px;\">Sonntag<\/td>\n<td style=\"width: 107px;\">Erwachsene<\/td>\n<td style=\"width: 137.58px;\">10:00-12:00 Uhr<\/td>\n<\/tr>\n<\/tbody>\n<\/table>\n<p style=\"text-align: justify;\"><strong>Die Trainingszeiten gelten nicht an Feiertagen! Hierzu bitte unseren <a href=\"http:\/\/www.sv-freiendiez.de\/?page_id=33\" target=\"_blank\" rel=\"noopener noreferrer\">Kalender<\/a> oder Ank\u00fcndigungen auf unserer Webseite verfolgen.<\/strong><\/p>\n<p style=\"text-align: justify;\">Schie\u00dfsport Interessierte sind uns zu unseren Trainingszeiten wilkommen.&nbsp; Eine kurze vorherige Anmeldung \u00fcber unser Kontaktformular kann nicht schaden.<\/p>\n<p style=\"text-align: justify;\">Jeder Gast wird verantwortungsvoll von langj\u00e4hrigen erfahrenen Sch\u00fctzen unseres Vereins an den Schie\u00dfsport herangef\u00fchrt. Erste Schie\u00dferfahrungen werden in der Regel mit der Luftpistole oder dem Luftgewehr erfolgen.<\/p>\n<p style=\"text-align: justify;\">Am Freitag Abend findet neben dem Schie\u00dftraining auch unser w\u00f6chentlicher Vereinsabend mit warmer K\u00fcche und viel guter Laune statt. Auch hierzu sind G\u00e4ste gerne gesehen.<\/p>\n","protected":false},"excerpt":{"rendered":"<p>Unsere Trainingszeiten sind: Freitag Jugend 18:00-19:30 Uhr Freitag Erwachsene 18:00-22:00 Uhr Sonntag Erwachsene 10:00-12:00 Uhr Die Trainingszeiten gelten nicht an Feiertagen! Hierzu bitte unseren Kalender oder Ank\u00fcndigungen auf unserer Webseite verfolgen. Schie\u00dfsport Interessierte sind uns zu unseren Trainingszeiten wilkommen.&nbsp; Eine kurze vorherige Anmeldung \u00fcber unser Kontaktformular kann nicht schaden. Jeder Gast wird verantwortungsvoll von langj\u00e4hrigen &hellip; <\/p>\n<p class=\"link-more\"><a href=\"https:\/\/www.sv-freiendiez.de\/?page_id=1369\" class=\"more-link\"><span class=\"screen-reader-text\">\u201eTrainingszeiten\u201c<\/span> weiterlesen<\/a><\/p>\n","protected":false},"author":1,"featured_media":2880,"parent":0,"menu_order":0,"comment_status":"closed","ping_status":"closed","template":"","meta":{"ngg_post_thumbnail":0,"footnotes":""},"class_list":["post-1369","page","type-page","status-publish","has-post-thumbnail","hentry"],"yoast_head":"<!-- This site is optimized with the Yoast SEO plugin v27.4 - https:\/\/yoast.com\/product\/yoast-seo-wordpress\/ -->\n<title>Trainingszeiten - SV Diez-Freiendiez 1928 e.V.<\/title>\n<meta name=\"robots\" content=\"index, follow, max-snippet:-1, max-image-preview:large, max-video-preview:-1\" \/>\n<link rel=\"canonical\" href=\"https:\/\/www.sv-freiendiez.de\/?page_id=1369\" \/>\n<meta property=\"og:locale\" content=\"de_DE\" \/>\n<meta property=\"og:type\" content=\"article\" \/>\n<meta property=\"og:title\" content=\"Trainingszeiten - SV Diez-Freiendiez 1928 e.V.\" \/>\n<meta property=\"og:description\" content=\"Unsere Trainingszeiten sind: Freitag Jugend 18:00-19:30 Uhr Freitag Erwachsene 18:00-22:00 Uhr Sonntag Erwachsene 10:00-12:00 Uhr Die Trainingszeiten gelten nicht an Feiertagen! Hierzu bitte unseren Kalender oder Ank\u00fcndigungen auf unserer Webseite verfolgen. Schie\u00dfsport Interessierte sind uns zu unseren Trainingszeiten wilkommen.&nbsp; Eine kurze vorherige Anmeldung \u00fcber unser Kontaktformular kann nicht schaden. Jeder Gast wird verantwortungsvoll von langj\u00e4hrigen &hellip; \u201eTrainingszeiten\u201c weiterlesen\" \/>\n<meta property=\"og:url\" content=\"https:\/\/www.sv-freiendiez.de\/?page_id=1369\" \/>\n<meta property=\"og:site_name\" content=\"SV Diez-Freiendiez 1928 e.V.\" \/>\n<meta property=\"article:publisher\" content=\"https:\/\/www.facebook.com\/svfreiendiez\/\" \/>\n<meta property=\"article:modified_time\" content=\"2018-05-31T08:43:21+00:00\" \/>\n<meta property=\"og:image\" content=\"https:\/\/www.sv-freiendiez.de\/wp-content\/uploads\/2018\/05\/50m-kk-stand.jpg\" \/>\n\t<meta property=\"og:image:width\" content=\"950\" \/>\n\t<meta property=\"og:image:height\" content=\"473\" \/>\n\t<meta property=\"og:image:type\" content=\"image\/jpeg\" \/>\n<meta name=\"twitter:card\" content=\"summary_large_image\" \/>\n<meta name=\"twitter:label1\" content=\"Gesch\u00e4tzte Lesezeit\" \/>\n\t<meta name=\"twitter:data1\" content=\"1\u00a0Minute\" \/>\n<script type=\"application\/ld+json\" class=\"yoast-schema-graph\">{\"@context\":\"https:\\\/\\\/schema.org\",\"@graph\":[{\"@type\":\"WebPage\",\"@id\":\"https:\\\/\\\/www.sv-freiendiez.de\\\/?page_id=1369\",\"url\":\"https:\\\/\\\/www.sv-freiendiez.de\\\/?page_id=1369\",\"name\":\"Trainingszeiten - SV Diez-Freiendiez 1928 e.V.\",\"isPartOf\":{\"@id\":\"https:\\\/\\\/www.sv-freiendiez.de\\\/#website\"},\"primaryImageOfPage\":{\"@id\":\"https:\\\/\\\/www.sv-freiendiez.de\\\/?page_id=1369#primaryimage\"},\"image\":{\"@id\":\"https:\\\/\\\/www.sv-freiendiez.de\\\/?page_id=1369#primaryimage\"},\"thumbnailUrl\":\"https:\\\/\\\/www.sv-freiendiez.de\\\/wp-content\\\/uploads\\\/2018\\\/05\\\/50m-kk-stand.jpg\",\"datePublished\":\"2017-05-05T13:46:03+00:00\",\"dateModified\":\"2018-05-31T08:43:21+00:00\",\"breadcrumb\":{\"@id\":\"https:\\\/\\\/www.sv-freiendiez.de\\\/?page_id=1369#breadcrumb\"},\"inLanguage\":\"de\",\"potentialAction\":[{\"@type\":\"ReadAction\",\"target\":[\"https:\\\/\\\/www.sv-freiendiez.de\\\/?page_id=1369\"]}]},{\"@type\":\"ImageObject\",\"inLanguage\":\"de\",\"@id\":\"https:\\\/\\\/www.sv-freiendiez.de\\\/?page_id=1369#primaryimage\",\"url\":\"https:\\\/\\\/www.sv-freiendiez.de\\\/wp-content\\\/uploads\\\/2018\\\/05\\\/50m-kk-stand.jpg\",\"contentUrl\":\"https:\\\/\\\/www.sv-freiendiez.de\\\/wp-content\\\/uploads\\\/2018\\\/05\\\/50m-kk-stand.jpg\",\"width\":950,\"height\":473,\"caption\":\"(C) 2018 SV Diez-Freiendiez 1928 e.V.\"},{\"@type\":\"BreadcrumbList\",\"@id\":\"https:\\\/\\\/www.sv-freiendiez.de\\\/?page_id=1369#breadcrumb\",\"itemListElement\":[{\"@type\":\"ListItem\",\"position\":1,\"name\":\"Startseite\",\"item\":\"https:\\\/\\\/www.sv-freiendiez.de\\\/\"},{\"@type\":\"ListItem\",\"position\":2,\"name\":\"Trainingszeiten\"}]},{\"@type\":\"WebSite\",\"@id\":\"https:\\\/\\\/www.sv-freiendiez.de\\\/#website\",\"url\":\"https:\\\/\\\/www.sv-freiendiez.de\\\/\",\"name\":\"SV Diez-Freiendiez 1928 e.V.\",\"description\":\"Sch\u00fctzenverein Diez-Freiendiez 1928 e.V.\",\"publisher\":{\"@id\":\"https:\\\/\\\/www.sv-freiendiez.de\\\/#organization\"},\"potentialAction\":[{\"@type\":\"SearchAction\",\"target\":{\"@type\":\"EntryPoint\",\"urlTemplate\":\"https:\\\/\\\/www.sv-freiendiez.de\\\/?s={search_term_string}\"},\"query-input\":{\"@type\":\"PropertyValueSpecification\",\"valueRequired\":true,\"valueName\":\"search_term_string\"}}],\"inLanguage\":\"de\"},{\"@type\":\"Organization\",\"@id\":\"https:\\\/\\\/www.sv-freiendiez.de\\\/#organization\",\"name\":\"SV Diez-Freiendiez 1928 e.V.\",\"url\":\"https:\\\/\\\/www.sv-freiendiez.de\\\/\",\"logo\":{\"@type\":\"ImageObject\",\"inLanguage\":\"de\",\"@id\":\"https:\\\/\\\/www.sv-freiendiez.de\\\/#\\\/schema\\\/logo\\\/image\\\/\",\"url\":\"https:\\\/\\\/www.sv-freiendiez.de\\\/wp-content\\\/uploads\\\/2016\\\/12\\\/cropped-wappen250.png\",\"contentUrl\":\"https:\\\/\\\/www.sv-freiendiez.de\\\/wp-content\\\/uploads\\\/2016\\\/12\\\/cropped-wappen250.png\",\"width\":250,\"height\":250,\"caption\":\"SV Diez-Freiendiez 1928 e.V.\"},\"image\":{\"@id\":\"https:\\\/\\\/www.sv-freiendiez.de\\\/#\\\/schema\\\/logo\\\/image\\\/\"},\"sameAs\":[\"https:\\\/\\\/www.facebook.com\\\/svfreiendiez\\\/\"]}]}<\/script>\n<!-- \/ Yoast SEO plugin. -->","yoast_head_json":{"title":"Trainingszeiten - SV Diez-Freiendiez 1928 e.V.","robots":{"index":"index","follow":"follow","max-snippet":"max-snippet:-1","max-image-preview":"max-image-preview:large","max-video-preview":"max-video-preview:-1"},"canonical":"https:\/\/www.sv-freiendiez.de\/?page_id=1369","og_locale":"de_DE","og_type":"article","og_title":"Trainingszeiten - SV Diez-Freiendiez 1928 e.V.","og_description":"Unsere Trainingszeiten sind: Freitag Jugend 18:00-19:30 Uhr Freitag Erwachsene 18:00-22:00 Uhr Sonntag Erwachsene 10:00-12:00 Uhr Die Trainingszeiten gelten nicht an Feiertagen! Hierzu bitte unseren Kalender oder Ank\u00fcndigungen auf unserer Webseite verfolgen. Schie\u00dfsport Interessierte sind uns zu unseren Trainingszeiten wilkommen.&nbsp; Eine kurze vorherige Anmeldung \u00fcber unser Kontaktformular kann nicht schaden. Jeder Gast wird verantwortungsvoll von langj\u00e4hrigen &hellip; \u201eTrainingszeiten\u201c weiterlesen","og_url":"https:\/\/www.sv-freiendiez.de\/?page_id=1369","og_site_name":"SV Diez-Freiendiez 1928 e.V.","article_publisher":"https:\/\/www.facebook.com\/svfreiendiez\/","article_modified_time":"2018-05-31T08:43:21+00:00","og_image":[{"width":950,"height":473,"url":"https:\/\/www.sv-freiendiez.de\/wp-content\/uploads\/2018\/05\/50m-kk-stand.jpg","type":"image\/jpeg"}],"twitter_card":"summary_large_image","twitter_misc":{"Gesch\u00e4tzte Lesezeit":"1\u00a0Minute"},"schema":{"@context":"https:\/\/schema.org","@graph":[{"@type":"WebPage","@id":"https:\/\/www.sv-freiendiez.de\/?page_id=1369","url":"https:\/\/www.sv-freiendiez.de\/?page_id=1369","name":"Trainingszeiten - SV Diez-Freiendiez 1928 e.V.","isPartOf":{"@id":"https:\/\/www.sv-freiendiez.de\/#website"},"primaryImageOfPage":{"@id":"https:\/\/www.sv-freiendiez.de\/?page_id=1369#primaryimage"},"image":{"@id":"https:\/\/www.sv-freiendiez.de\/?page_id=1369#primaryimage"},"thumbnailUrl":"https:\/\/www.sv-freiendiez.de\/wp-content\/uploads\/2018\/05\/50m-kk-stand.jpg","datePublished":"2017-05-05T13:46:03+00:00","dateModified":"2018-05-31T08:43:21+00:00","breadcrumb":{"@id":"https:\/\/www.sv-freiendiez.de\/?page_id=1369#breadcrumb"},"inLanguage":"de","potentialAction":[{"@type":"ReadAction","target":["https:\/\/www.sv-freiendiez.de\/?page_id=1369"]}]},{"@type":"ImageObject","inLanguage":"de","@id":"https:\/\/www.sv-freiendiez.de\/?page_id=1369#primaryimage","url":"https:\/\/www.sv-freiendiez.de\/wp-content\/uploads\/2018\/05\/50m-kk-stand.jpg","contentUrl":"https:\/\/www.sv-freiendiez.de\/wp-content\/uploads\/2018\/05\/50m-kk-stand.jpg","width":950,"height":473,"caption":"(C) 2018 SV Diez-Freiendiez 1928 e.V."},{"@type":"BreadcrumbList","@id":"https:\/\/www.sv-freiendiez.de\/?page_id=1369#breadcrumb","itemListElement":[{"@type":"ListItem","position":1,"name":"Startseite","item":"https:\/\/www.sv-freiendiez.de\/"},{"@type":"ListItem","position":2,"name":"Trainingszeiten"}]},{"@type":"WebSite","@id":"https:\/\/www.sv-freiendiez.de\/#website","url":"https:\/\/www.sv-freiendiez.de\/","name":"SV Diez-Freiendiez 1928 e.V.","description":"Sch\u00fctzenverein Diez-Freiendiez 1928 e.V.","publisher":{"@id":"https:\/\/www.sv-freiendiez.de\/#organization"},"potentialAction":[{"@type":"SearchAction","target":{"@type":"EntryPoint","urlTemplate":"https:\/\/www.sv-freiendiez.de\/?s={search_term_string}"},"query-input":{"@type":"PropertyValueSpecification","valueRequired":true,"valueName":"search_term_string"}}],"inLanguage":"de"},{"@type":"Organization","@id":"https:\/\/www.sv-freiendiez.de\/#organization","name":"SV Diez-Freiendiez 1928 e.V.","url":"https:\/\/www.sv-freiendiez.de\/","logo":{"@type":"ImageObject","inLanguage":"de","@id":"https:\/\/www.sv-freiendiez.de\/#\/schema\/logo\/image\/","url":"https:\/\/www.sv-freiendiez.de\/wp-content\/uploads\/2016\/12\/cropped-wappen250.png","contentUrl":"https:\/\/www.sv-freiendiez.de\/wp-content\/uploads\/2016\/12\/cropped-wappen250.png","width":250,"height":250,"caption":"SV Diez-Freiendiez 1928 e.V."},"image":{"@id":"https:\/\/www.sv-freiendiez.de\/#\/schema\/logo\/image\/"},"sameAs":["https:\/\/www.facebook.com\/svfreiendiez\/"]}]}},"_links":{"self":[{"href":"https:\/\/www.sv-freiendiez.de\/index.php?rest_route=\/wp\/v2\/pages\/1369","targetHints":{"allow":["GET"]}}],"collection":[{"href":"https:\/\/www.sv-freiendiez.de\/index.php?rest_route=\/wp\/v2\/pages"}],"about":[{"href":"https:\/\/www.sv-freiendiez.de\/index.php?rest_route=\/wp\/v2\/types\/page"}],"author":[{"embeddable":true,"href":"https:\/\/www.sv-freiendiez.de\/index.php?rest_route=\/wp\/v2\/users\/1"}],"replies":[{"embeddable":true,"href":"https:\/\/www.sv-freiendiez.de\/index.php?rest_route=%2Fwp%2Fv2%2Fcomments&post=1369"}],"version-history":[{"count":0,"href":"https:\/\/www.sv-freiendiez.de\/index.php?rest_route=\/wp\/v2\/pages\/1369\/revisions"}],"wp:featuredmedia":[{"embeddable":true,"href":"https:\/\/www.sv-freiendiez.de\/index.php?rest_route=\/wp\/v2\/media\/2880"}],"wp:attachment":[{"href":"https:\/\/www.sv-freiendiez.de\/index.php?rest_route=%2Fwp%2Fv2%2Fmedia&parent=1369"}],"curies":[{"name":"wp","href":"https:\/\/api.w.org\/{rel}","templated":true}]}}